-- https://www.phpmyadmin.net/
--

START TRANSACTION;



--
-- Database: `servtrack_dev`
--

-- --------------------------------------------------------

--
-- Table structure for table `customer`
--

CREATE TABLE `customer` (
  `Customer_ID` int(8) NOT NULL,
  `Date` date NOT NULL DEFAULT current_timestamp(),
  `Agency_Name` varchar(255) NOT NULL,
  `Tax_ID` varchar(13) NOT NULL,
  `Address` varchar(255) NOT NULL,
  `Address_Sent` varchar(255) NOT NULL,
  `Address_Test` varchar(255) NOT NULL,
  `Address_Eng` varchar(255) NOT NULL,
  `Customer_Name` varchar(255) NOT NULL,
  `Mobile_Number` varchar(255) NOT NULL,
  `Office_Number` varchar(255) NOT NULL,
  `Web_Name` varchar(255) NOT NULL,
  `Email` varchar(255) NOT NULL,
  `Password` varchar(255) NOT NULL,
  `Level` varchar(255) NOT NULL
) ENGINE=InnoDB DEFAULT CHARSET=utf8 COLLATE=utf8_unicode_ci;

--
-- Dumping data for table `customer`
--

INSERT INTO `customer` (`Customer_ID`, `Date`, `Agency_Name`, `Tax_ID`, `Address`, `Address_Sent`, `Address_Test`, `Address_Eng`, `Customer_Name`, `Mobile_Number`, `Office_Number`, `Web_Name`, `Email`, `Password`, `Level`) VALUES
(1, '2023-11-01', 'SQUAT', '0000000000', 'ปากช่อง', 'ที่อยู่เดียวกันกับที่อยู่ที่จดทะเบียนพาณิชย์', 'ที่อยู่เดียวกันกับที่อยู่ที่จดทะเบียนพาณิชย์', 'g', 'สุธี หางนาค', '09315743203', '', 'www.SQUATssssdd', '16232031@aru.ac.th', '$2y$10$elUHINXULLzopnxJlk9nsObP26GcTtJZxR/A1T9kN0yJpMOex/qYy', 'SuperAdmin'),
(3, '2023-11-01', 'บริษัท แอล แอนด์ อี แมนูแฟคเจอริ่ง จำกัด', '-------------', '85/3 ซ.ประชุมพร ถ.แจ้งวัฒนะ แขวงทุ่งสองห้อง เขตหลักสี่ กรุงเทพฯ 10210', 'ที่อยู่เดียวกันกับที่อยู่ที่จดทะเบียนพาณิชย์', 'ที่อยู่เดียวกันกับที่อยู่ที่จดทะเบียนพาณิชย์', '', 'ขวัญตา จันไชยยศ', '0846538598', '0931574320', 'www.SQUATsss', 'lic2@lighting.co.th', '$2y$10$q94Y.e5OV7Z1dnyswnE3E.fYGxR4jkgrlOSvc5Wfpb0CfMoWAc5x6', 'User'),
(4, '2023-11-02', 'บริษัท โกไอพีนาว จำกัด', '-------------', '100/1 อาคารวรสมบัติ ชั้น 14 ห้อง อาร์ เอ ถนนพระราม 9 แขวงห้วยขวาง เขตห้วยขวาง กรุงเทพฯ', 'ที่อยู่เดียวกันกับที่อยู่ที่จดทะเบียนพาณิชย์', 'ที่อยู่เดียวกันกับที่อยู่ที่จดทะเบียนพาณิชย์', '', 'Tanut Thachaponrakun (Pang+)', '+66 86 339 1223', '+66 86 339 1223', '', 'tanut@goipnow.com', '$2y$10$5Su2yf4q9PBuSQkGdDruMu/GsjWgenNs/3fGjhzR88sP6CJEShlkW', 'User'),
(5, '2023-11-02', 'ศูนย์เทคโนโลยีอิเล็กทรอนิกส์และคอมพิวเตอร์แห่งชาติ', '-------------', '112 ถนนพหลโยธิน ตำบลคลองหนึ่ง อำเภอคลองหลวง จังหวัดปทุมธานี 12120', 'ที่อยู่เดียวกันกับที่อยู่ที่จดทะเบียนพาณิชย์', 'ที่อยู่เดียวกันกับที่อยู่ที่จดทะเบียนพาณิชย์', '', 'กริช จั่นอาจ', '025646900 ต่อ 2492', '025646900 ต่อ 2492', '', 'krit.janard@nectec.or.th', '$2y$10$hHdDBzV1ysQQmfm7YO0Wj.DA0LW24YexJoHB8bJ0JdrfMho1zXgei', 'User'),
(6, '2023-11-02', 'ศูนย์วิจัยเทคโนโลยีสิ่งอำนวยความสะดวกและเครื่องมือแพทย์', '-------------', '112 อุทยานวิทย์ ถ.พหลโยธิน ต.คลองหนึ่ง อ.คลองหลวง จ.ปทุมธานี 12120', 'ที่อยู่เดียวกันกับที่อยู่ที่จดทะเบียนพาณิชย์', 'ที่อยู่เดียวกันกับที่อยู่ที่จดทะเบียนพาณิชย์', '', 'เดโช สุรางค์ศรีรัฐ', '0891409461', '0891409461', '', 'decho.sur@nstda.or.th', '$2y$10$nB6SdI.xuK1gRdGL0FVifOzCNM1ItwHARrGGtBcLWdIiY.R.bzN/6', 'User'),
(7, '2023-11-02', 'บริษัท เบนนิซิส จำกัด', '-------------', '117/8 ซ.แจ้งวัฒนะ 10 ถ.แจ้งวัฒนะ ทุ่งสองห้อง เขตหลักสี่ กทม 10210', 'ที่อยู่เดียวกันกับที่อยู่ที่จดทะเบียนพาณิชย์', 'ที่อยู่เดียวกันกับที่อยู่ที่จดทะเบียนพาณิชย์', '', 'พงษ์ศักดิ์ วงศ์เลิศคุณากร', '0818066966', '', '', 'pajaree.p@bainisys.com', '$2y$10$iHiauvuS/o6QU26tefv/OeApIaT1iaq2PE.UAg3zTvWYKiOBkTWsO', 'User'),
(8, '2023-11-02', 'บจก.เบดเดอลี่', '-------------', '1252/1 ม.4 บ้านหนองปรู ต.หนองจะบก อ.เมืองนครราชสีมา จ.นครราชสีมา 30000', 'ที่อยู่เดียวกันกับที่อยู่ที่จดทะเบียนพาณิชย์', 'ที่อยู่เดียวกันกับที่อยู่ที่จดทะเบียนพาณิชย์', '', 'นายไพศาล สุขจรัส', '08482', '08482', '', 'sukjarus@gmail.com', '$2y$10$rRkv/sxakuWKblf5SmyD/.IDwzsHm3OB4CibOXMx5/s1I50a22/p.', 'User'),
(9, '2023-11-02', 'บริษัท สราญ เทคโนโลยี จำกัด', '-------------', '48/6 ซอยแจ้งวัฒนะ 14 แขวงทุ่งสองห้อง เขตหลักสี่ กรุงเทพฯ 10210', 'ที่อยู่เดียวกันกับที่อยู่ที่จดทะเบียนพาณิชย์', 'ที่อยู่เดียวกันกับที่อยู่ที่จดทะเบียนพาณิชย์', '', 'วรดา ศรีสมยง', '0869984029', '0869984029', '', 'worada@gbtech.co.th', '$2y$10$lhGGvBlJk29ECMbCjRhDsec9Vc0yf7bPNjzcZsx6Z0qlilJWJlyCm', 'User'),
(10, '2023-11-02', 'ไอ-ซีเคียว จำกัด', '-------------', '55 ซอยประดิพัทธ์ 17 ถนนประดิพัทธ์ แขวง พญาไท เขต พญาไท กรุงเทพฯ 10400', 'ที่อยู่เดียวกันกับที่อยู่ที่จดทะเบียนพาณิชย์', 'ที่อยู่เดียวกันกับที่อยู่ที่จดทะเบียนพาณิชย์', '', 'สฤษดิ์พงษ์ บับพาน (โต้)', '0816279403', '0816279403', '', 'saritpong@i-secure.co.th', '$2y$10$t0kmKaERvVadjxkOg2WxLeQHtAgc0SsqTQ/dmw1sYTSoT1fvrVm3S', 'User'),
(11, '2023-11-02', 'EXPERT TECHNOLOGY DEVELOPMENT inc', '-------------', '30/22 ทวีวัฒนา กทม. 10170', 'ที่อยู่เดียวกันกับที่อยู่ที่จดทะเบียนพาณิชย์', 'ที่อยู่เดียวกันกับที่อยู่ที่จดทะเบียนพาณิชย์', '', 'ผศ.ดร.เศรษฐชัย ชัยสนิท', '0851557656', '0851557656', '', 'settachai.ch@gmail.com', '$2y$10$1KitlQ3rDL16Ads6AC6m2eqCJyOqXpJci01BSo8BrMLuazWoz7NoK', 'User'),
(12, '2023-11-02', 'ทีมวิจัยการประมวลสัญญาณประสาท', '-------------', 'เนคเทค', 'ที่อยู่เดียวกันกับที่อยู่ที่จดทะเบียนพาณิชย์', 'ที่อยู่เดียวกันกับที่อยู่ที่จดทะเบียนพาณิชย์', '', 'อภิชย์ เหมาคม', '2474', '2474', '', 'apit.hemakom@nectec.or.th', '$2y$10$Os016UkuxjN.8ZSVdjTYreSfEOwOow8qySdB3WX1ON9ZiHXTjlMoK', 'User'),
(13, '2023-11-02', 'กลุ่มวิจัยอุปกรณ์สเปกโทรสโกปีและเซนเซอร์ ', '-------------', 'SSDRG NECTEC', 'ที่อยู่เดียวกันกับที่อยู่ที่จดทะเบียนพาณิชย์', 'ที่อยู่เดียวกันกับที่อยู่ที่จดทะเบียนพาณิชย์', '', 'อาโมทย์ สมบูรณ์แก้ว', '0855573111', '0855573111', '', 'armote.somboonkaew@nectec.or.th', '$2y$10$b3fWz1knoo82xnfVunFO/.uMekIcwyFBhNLjr1ydCMqUdTmBQ7f4e', 'User'),
(14, '2023-11-02', 'บริษัท ด๊อกเตอร์ทูลส์ จำกัด', '-------------', '\"เลขที่ 38 ซอยรังสิต-ปทุมธานี 8 ถนนรังสิต-ปทุมธานี ตำบลประชาธิปัตย์ อำเภอธัญบุรี จังหวัดปทุมธานี 12130  TAX ID 0135562009829\"', 'ที่อยู่เดียวกันกับที่อยู่ที่จดทะเบียนพาณิชย์', 'ที่อยู่เดียวกันกับที่อยู่ที่จดทะเบียนพาณิชย์', '', 'นพ.นุสิทธิ์ ชัยประเสริฐ', '000000000000000', '', '', 'panita.meananeatra@nectec.or.th', '$2y$10$Gd.p8ODB4NOmtfSQe3RaiuWKhiPB2Dex8QAzOyhziGB2GpnlbSGw6', 'User'),
(15, '2023-11-02', 'บริษัท วีอาร์ซีโอเอ็มเอ็ม จำกัด', '-------------', '\"18/369 หมู่บ้านเดอะไพรมารี อัลติเมต ซอยนวลจันทร์ 28 แขวงนวลจันทร์ เขตบึงกุ่ม กทม. 10230\"', 'ที่อยู่เดียวกันกับที่อยู่ที่จดทะเบียนพาณิชย์', 'ที่อยู่เดียวกันกับที่อยู่ที่จดทะเบียนพาณิชย์', '', 'นิพนธ์ หมั่นการ', '0819345864', '0819345864', '', 'nipon@vrcomm.net', '$2y$10$f7hv2msHes2sB9S5vVK9Me11apT4CVmOw1Cr8NzD8r3sCxV3mpho.', 'User'),
(16, '2023-11-02', 'CPS-NECTEC', '-------------', 'Room 418, NECTEC, Thailand', 'ที่อยู่เดียวกันกับที่อยู่ที่จดทะเบียนพาณิชย์', 'ที่อยู่เดียวกันกับที่อยู่ที่จดทะเบียนพาณิชย์', '', 'Kalika Suksomboon', '081-2089332', '081-2089332', '', 'kalika.suk@nectec.or.th', '$2y$10$0XlysRWMLfunE1Ykx6vy..9wmVilNFnGq290y/..l13kP2Rqy9go6', 'User'),
(17, '2023-11-02', 'บริษัท กีสซ์คอมมิวนิเคชั่นส์ จำกัด ', '-------------', '75/49 ชั้น 24 อาคารโอเชี่ยนทาวเวอร์ 2 ซอยสุขุมวิท 19 ถนนสุขุมวิท 21 แขวงคลองเตยเหนือ เขตวัฒนา กรุงเทพฯ 10110', 'ที่อยู่เดียวกันกับที่อยู่ที่จดทะเบียนพาณิชย์', 'ที่อยู่เดียวกันกับที่อยู่ที่จดทะเบียนพาณิชย์', '', 'พันทิพา จุไรทอง', '02-661-7720 ต่อ 203', '02-661-7720 ต่อ 203', '', 'pantipa.j@gistz.com', '$2y$10$FlW8p5VQvJ9B7PCJlGecc.acc.hEkohjuVI94o.bHFbY3KsjOvk5m', 'User'),
(18, '2023-11-02', 'บริษัท อิมเมจ สไตล์ จำกัด', '-------------', '98 ลาดพร้าว 80 แยก 14 แขวงวังทองหลาง เขตวังทองหลาง กรุงเทพฯ 10310', 'ที่อยู่เดียวกันกับที่อยู่ที่จดทะเบียนพาณิชย์', 'ที่อยู่เดียวกันกับที่อยู่ที่จดทะเบียนพาณิชย์', '', 'นายคชธร ภัทรเตชาวัฒน์', '02 530 2255, 085 546 5255', '02 530 2255, 085 546 5255', '', 'kochathorn.p@gmail.com', '$2y$10$OvxNT80YF.B4ix7OnGGPrOcP7sT8ZeAUk6ThBzJd4EZQ1DHEMOpSW', 'User'),
(19, '2023-11-02', 'บจก.โนวาเทค เฮลธ์แคร์', '-------------', '599/15-17 ม. 5 ถนนศรีนครินทร์ ต.สำโรงเหนือ อ.เมืองสมุทรปราการ จ.สมุทรปราการ 10270', 'ที่อยู่เดียวกันกับที่อยู่ที่จดทะเบียนพาณิชย์', 'ที่อยู่เดียวกันกับที่อยู่ที่จดทะเบียนพาณิชย์', '', 'สุธิดา เอี่ยมจำรัส', '02-3494100', '02-3494100', '', 'sutida@novatec.co.th', '$2y$10$uj2zFwk0Hi4WFzO0e27hbeGvAHbSGj5jtx8r2qT5YGAeRTKnY5tie', 'User'),
(20, '2023-11-02', 'บริษัท บุญ ซัพพลาย จำกัด (Boon Supply Co.,Ltd.)', '-------------', '125 ซอยสังคมสงเคราะห์ 24 แขวงลาดพร้าว เขตลาดพร้าว กรุงเทพฯ 10230', 'ที่อยู่เดียวกันกับที่อยู่ที่จดทะเบียนพาณิชย์', 'ที่อยู่เดียวกันกับที่อยู่ที่จดทะเบียนพาณิชย์', '', 'รุจิรา ละกะเต็ม', '0875425902', '0875425902', '', 'boru1219@gmail.com', '$2y$10$hHTt1HTugI30No7kq4/BtuE0bDUxTBgBcP.n0zltoTerJsi.4qbM2', 'User'),
(21, '2023-11-02', 'งานวิศวกรรมซอฟต์แวร์และทดสอบผลิตภัณฑ์ (SEPT) ฝ่ายสนับสนุนบริการทางวิศวกรรมและเทคโนโลยี (TSS) ศูนย์เทคโนโลยีอิเล็กทรอนิกส์และคอมพิวเตอร์แห่งชาติ (ศอ.)', '-------------', '\"112 ถนนพหลโยธิน ตำบลคลองหนึ่ง อำเภอคลองหลวง จังหวัดปทุมธานี 12120\"', 'ที่อยู่เดียวกันกับที่อยู่ที่จดทะเบียนพาณิชย์', 'ที่อยู่เดียวกันกับที่อยู่ที่จดทะเบียนพาณิชย์', '', 'นาย สมเดช แสงสุรศักดิ์', '025646900ต่อ2125', '025646900ต่อ2125', '', 'somdej.sangsurasak@nectec.or.th', '$2y$10$RncoCtN019dsl9iEVpGFdOjqKLpVtE7lZhF/pduF2IPQTUBwNPdGm', 'User'),
(22, '2023-11-02', 'มหาวิทยาลัยเทคโนโลยีราชมงคลอีสาน', '-------------', '150 ถนนศรีจันทร์ อำเภอเมือง จังหวัดขอนแก่น 40000', 'ที่อยู่เดียวกันกับที่อยู่ที่จดทะเบียนพาณิชย์', 'ที่อยู่เดียวกันกับที่อยู่ที่จดทะเบียนพาณิชย์', '', 'ศักดิ์ระวี ระวีกุล', '0894163433', '0894163433', '', 'mr_sakrawee@yahoo.com', '$2y$10$5tNjTgs0NUA8PJ63aAwj8.ZXi8Bler6Np7dqIoa9TW8XmCJtTIBG.', 'User'),
(23, '2023-11-02', 'MEDENSY COMPANY LIMITED', '-------------', '25/25 Phuttamonthon 4 Road, T. Salaya, A. Nakhon Pathom 73170 ', 'ที่อยู่เดียวกันกับที่อยู่ที่จดทะเบียนพาณิชย์', 'ที่อยู่เดียวกันกับที่อยู่ที่จดทะเบียนพาณิชย์', '', 'Jirapinya', '0613857202', '0613857202', '', 'jirapinya.s@cortechinnovation.com', '$2y$10$CUTL/lyDzy.8Epn7belLWOIslTULFJkmzLZrK2.WNDdogQSnPJWae', 'User'),
(24, '2023-11-02', 'Data Wow', '-------------', '69/121 สุขุมวิท 48 พระโขนง คลองเตย 10110', 'ที่อยู่เดียวกันกับที่อยู่ที่จดทะเบียนพาณิชย์', 'ที่อยู่เดียวกันกับที่อยู่ที่จดทะเบียนพาณิชย์', '', 'ณัฐวุฒิ คิดดี', '0894194120', '0894194120', '', 'jeep@datawow.io', '$2y$10$j3L/EJ1igMpT5.HD0OxXJeyNvRD5We8E7EMJde.W8e12FvG/Gnidu', 'User'),
(25, '2023-11-02', 'บริษัท โพส อินเทลลิเจนซ์จ ากัด', '-------------', '1 ซอยรามอินทรา 107 ถนนรามอินทรา แขวงคันนายาว เขตคันนายาว กรุงเทพมหานคร 10230', 'ที่อยู่เดียวกันกับที่อยู่ที่จดทะเบียนพาณิชย์', 'ที่อยู่เดียวกันกับที่อยู่ที่จดทะเบียนพาณิชย์', '', 'วราภรณ์  จิโน (เม)', '082-926 9315', '082-926 9315', '', 'poseintelligence@gmail.com', '$2y$10$HU5gIkd1UBuj7fu4hX0D/OFk6wn3Fn45xE7YOFxqMbIq0Pgp8CZ82', 'User'),
(26, '2023-11-02', 'บริษัท ซัยโจ เด็นกิ อินเตอร์เนชั่นแนล จำกัด', '-------------', '\"39/9 หมู่ที่ 9 ซอยดวงมณี ถนนงามวงศ์วาน ตำบลบางเขน อำเภอเมือง จังหวัดนนทบุรี 11000\"', 'ที่อยู่เดียวกันกับที่อยู่ที่จดทะเบียนพาณิชย์', 'ที่อยู่เดียวกันกับที่อยู่ที่จดทะเบียนพาณิชย์', '', 'ปัทมาสน์ แก้วน่าน', '028321999 ต่อ 205', '', '', 'pattamas_ka@saijo-denki.co.th', '$2y$10$w4jmfHybNm2GSWhrVtiCJOeDwz/2c/Arg95JF7cmxjBISYg/bIH7W', 'User'),
(27, '2023-11-02', 'สำนักงานพัฒนาวิทยาศาสตร์และเทคโนโลยีแห่งชาติ (สวทช.) ', '-------------', 'ห้อง 520 เนคเทค', 'ที่อยู่เดียวกันกับที่อยู่ที่จดทะเบียนพาณิชย์', 'ที่อยู่เดียวกันกับที่อยู่ที่จดทะเบียนพาณิชย์', '', 'สุรภา เทียมจรัส', '0863969624', '', '', 'surapa.thi@nstda.or.th', '$2y$10$uxPJ0d4D7vjwH/VgIjiW.edSia2Eo5fKBYCn2YpU1ELAiBGNFMVx2', 'User'),
(28, '2023-11-02', 'บริษัทไทยซิน รีซอร์สเซส จำกัด', '-------------', '799/81 ซอยลาดพร้าว80 (จันทิมา) แขวงวังทองหลาง เขตวังทองหลาง กรุงเทพฯ 10310', 'ที่อยู่เดียวกันกับที่อยู่ที่จดทะเบียนพาณิชย์', 'ที่อยู่เดียวกันกับที่อยู่ที่จดทะเบียนพาณิชย์', '', 'อินทิรา บุศยานนท์', '021062000', '021062000', '', 'Intira.thx@gmail.com', '$2y$10$5KzTzMyp3AJofaCjcsOzq.9hR84Rz/v1dXJYiDoZA8DfWpsh13xS2', 'User'),
(29, '2023-11-02', 'โรงพยาบาลธรรมศาสตร์เฉลิมพระเกียติ ร่วมกับศูนย์เทคโนโลยีโลหะแและวัสดุแห่งชาติ', '-------------', '114 อุทยานวิทยาศาสตร์ประเทศไทย, ถนนพหลโ ยธิน คลองหนึ่ง, อำเภอคลองหลวง ปทุมธานี 12120', 'ที่อยู่เดียวกันกับที่อยู่ที่จดทะเบียนพาณิชย์', 'ที่อยู่เดียวกันกับที่อยู่ที่จดทะเบียนพาณิชย์', '', 'ดวงกมล วรเกษมศักดิ์', '0894429461', '', '', 'duanggamon.vor@mtec.or.th', '$2y$10$.0NqwJ9mMttf.R.a5nxXVe8B2fKxt6cAqO9SUCkn9dsK7w5XsGpp2', 'User'),
(30, '2023-11-02', 'บริษัท หงม่าวไบโอเคม จำกัด', '-------------', '111 Moo 2, Nikom Main Road, Nikom Pattana, Rayong | 21180 Thailand.', 'ที่อยู่เดียวกันกับที่อยู่ที่จดทะเบียนพาณิชย์', 'ที่อยู่เดียวกันกับที่อยู่ที่จดทะเบียนพาณิชย์', '', 'จันทนา ไกรรัตน์', '0655626295', '', '', 'jantanakrairat.1991@gmail.com', '$2y$10$vzmT6yIDrdzZmPLOjPN.6.dqg/dKhNqWlGNso0xmB0IuyZc/K6PXC', 'User'),
(31, '2023-11-02', 'คณะวิศวกรรมศาสตร์ มหาวิทยาลัยสงขลานครินทร์', '-------------', '\"คณะวิศวกรรมศาสตร์ มหาวิทยาลัยสงขลานครินทร์ ต.คอหงส์ อ.หาดใหญ่ จ.สงขลา 90110\"', 'ที่อยู่เดียวกันกับที่อยู่ที่จดทะเบียนพาณิชย์', 'ที่อยู่เดียวกันกับที่อยู่ที่จดทะเบียนพาณิชย์', '', 'รศ.ดร. ณัฎฐา จินดาเพ็ชร์ / คณดิถ เจษฎ์พัฒนานนท์', '0869605395', '0869605395', '', 'nattha.s@psu.ac.th', '$2y$10$XZaAUearpKpC2kxjbRWiTuzFudsrK5I4pIF/djzbOk6puHqm2Y6/.', 'User'),
(32, '2023-11-02', 'สำนักงานส่งเสริมเศรษฐกิจดิจิทัล ', '-------------', '2 พัฒนาการ 20 แยก 5 สวนหลวง กรุงเทพมหานคร', 'ที่อยู่เดียวกันกับที่อยู่ที่จดทะเบียนพาณิชย์', 'ที่อยู่เดียวกันกับที่อยู่ที่จดทะเบียนพาณิชย์', '', 'วรวิชญ์ สมพงษ์', '0994741626', '', '', 'worrawit@tct.co.th', '$2y$10$PzTpheqcvb4ZBplzjOztpeRHW0/4zlxukXJJIFcuxJSmoRfhABYc2', 'User'),
(33, '2023-11-02', 'บริษัท ระบบที่จอดรถอัตโนมัติทั่วไป จำกัด', '-------------', '30/283 ซ.งามวงศ์วาน 47 แยก 1 (ชินเขต2/1) แขวงทุ่งสองห้อง เขตหลักสี่ กรุงเทพมหานคร 10210', 'ที่อยู่เดียวกันกับที่อยู่ที่จดทะเบียนพาณิชย์', 'ที่อยู่เดียวกันกับที่อยู่ที่จดทะเบียนพาณิชย์', '', 'ภัทราพร ศรีเหรา', '0835424297', '0835424297', '', 'pattara.gpark@gmail.com', '$2y$10$izQ3BZgavIamth/Rp46WmemlZFlGHiPBwWsrDtezn3jC6wgsR.UwC', 'User'),
(34, '2023-11-02', 'ภาควิชากุมารเวชศาสตร์ คณะแพทยศาสตร์ จุฬาลงกรณ์มหาวิทยาลัย', '-------------', 'ห้องตรวจคลื่นไฟฟ้าสมอง ตึก สก ชั้น 13 1873 ถนนพระราม 4 ปทุมวัน กทม 10400', 'ที่อยู่เดียวกันกับที่อยู่ที่จดทะเบียนพาณิชย์', 'ที่อยู่เดียวกันกับที่อยู่ที่จดทะเบียนพาณิชย์', '', 'ทายาท ดีสุดจิต', '0851000653', '', '', 'fmedtds@yahoo.com', '$2y$10$pX6iSvuSjz8MqEQhimEhDuc9XLL3nL50WQhrhU2w1Z.j1tfU7BFre', 'User'),
(35, '2023-11-02', 'บริษัท สุรเทค จำกัด', '-------------', 'ภาควิชาวิศวกรรมเซรามิก สำนักวิชาวิศวกรรมศาสตร์ มหาวิทยาลัยเทคโนโลยีสุรนารี จ.นครราชสีมา 30000', 'ที่อยู่เดียวกันกับที่อยู่ที่จดทะเบียนพาณิชย์', 'ที่อยู่เดียวกันกับที่อยู่ที่จดทะเบียนพาณิชย์', '', 'สุดเขตต์ พจน์ประไพ', '0813093237', '0813093237', '', 'soodkhet@g.sut.ac.th', '$2y$10$Ops6vIzzvvJ5v8qlunO06.mxPToBZ0.Nixq1kifQaZgO1sGw3Dmxa', 'User'),
(36, '2023-11-02', 'บริษัท เน็ตก้า ซิสเต็ม จำกัด \"สำนักงานใหญ่\"', '-------------', 'เลขที่ 1 ซอยรามคำแหง 166 แยก 2 ถนนรามคำแหง แขวงมีนบุรี เขตมีนบุรี กรุงเทพมหานคร 10510', 'ที่อยู่เดียวกันกับที่อยู่ที่จดทะเบียนพาณิชย์', 'ที่อยู่เดียวกันกับที่อยู่ที่จดทะเบียนพาณิชย์', '', 'ป้อม ธัญญานนท์', '082-782-0211', '082-782-0211', '', 'pom@netkasystem.com', '$2y$10$7YEbyRCIPdfIrvTjduqZg.u/y8kPpOFF.7.5W3CViXo0rgFhnUWqe', 'User'),
(37, '2023-11-02', 'สถาบันเทคโนโลยีพระจอมเกล้าเจ้าคุณทหารลาดกระบัง', '-------------', 'คณะวิศวกรรมศาสตร์ สถาบันเทคโนโลยีพระจอมเกล้าเจ้าคุณทหารลาดกระบัง', 'ที่อยู่เดียวกันกับที่อยู่ที่จดทะเบียนพาณิชย์', 'ที่อยู่เดียวกันกับที่อยู่ที่จดทะเบียนพาณิชย์', '', 'พิมพ์ขวัญ หาญนันทอนันต์', '095-9168645', '095-9168645', '', 'pim.hannan@gmail.com', '$2y$10$ibX2xonktGM2MTUJ3VFAsOaRheiT.aACozG3Gdot2OUPFPi4acLym', 'User'),
(38, '2023-11-02', 'MIS/A-MED', '-------------', '115 อาคาร NECTEC Pilot Plant (ชั้น 3) ห้อง NP-322', 'ที่อยู่เดียวกันกับที่อยู่ที่จดทะเบียนพาณิชย์', 'ที่อยู่เดียวกันกับที่อยู่ที่จดทะเบียนพาณิชย์', '', 'จันทิมา จันทร์ศักดิ์ศรี  หรือ  สุปิยา   เจริญศิริวัฒน์', '#2219  หรือ #2244', '#2219  หรือ #2244', '', 'jantima.jansaksri@nectec.or.th', '$2y$10$MF7zP9.gaX7EDpzT5FIrkuhjniqW2uRigfEnvDf9K2PS5wXqZmQMm', 'User'),
(39, '2023-11-02', 'บริษัท เพ็ททาเนียร์ จำกัด', '-------------', '114/11 ม.พิชญธารา ต.ศาลายา อ.พุทธมณฑล จ.นครปฐม 73170', 'ที่อยู่เดียวกันกับที่อยู่ที่จดทะเบียนพาณิชย์', 'ที่อยู่เดียวกันกับที่อยู่ที่จดทะเบียนพาณิชย์', '', 'วรางคณา  พันธุ์วาณิช', '0614626445', '', '', 'petaneer@gmail.com', '$2y$10$D5aI3ze5UnqJPQYMVptK3OcK4TNS/Mo4gj4aNMAk74xeei78ns/KO', 'User'),
(40, '2023-11-02', 'บริษัท จัดหางาน เมโทร ซอร์ส จำกัด', '-------------', '228/61 ถนนร่วมมิตรพัฒนา แขวงท่าแร้ง เขตบางเขน กรุงเทพฯ 10220', 'ที่อยู่เดียวกันกับที่อยู่ที่จดทะเบียนพาณิชย์', 'ที่อยู่เดียวกันกับที่อยู่ที่จดทะเบียนพาณิชย์', '', 'จิราวัฒน์ อภิรมย์ (คุณป้อม)', '0870404000', '', '', 'jirawat.a@metrosource.co.th', '$2y$10$lylqGhhSMin.l9I3q2AFv.yGkIFOCRtL5sazeTVyKLI8MiQonnoeG', 'User'),
(41, '2023-11-02', 'MIS/A-MED', '-------------', '115 อาคาร NECTEC Pilot Plant (ชั้น 3) ห้อง NP-322', 'ที่อยู่เดียวกันกับที่อยู่ที่จดทะเบียนพาณิชย์', 'ที่อยู่เดียวกันกับที่อยู่ที่จดทะเบียนพาณิชย์', '', 'นภวรรณ', '025646900, 0891318419', '025646900, 0891318419', '', 'nopawan.kan@nstda.or.th', '$2y$10$4QKzN6xVqNKfbZQkUgfTheNxCI34YgyWpzvMD6V.96GUYHICdQNRq', 'User'),
(42, '2023-11-02', 'บริษัท เพอเซ็ปทรา จำกัด', '-------------', '\"Perceptra Co., Ltd. 98/155 M.9 Bangna-Trad Rd., Bangkaew, Bangpli, Samutprakarn 10540, Thailand info@perceptra.tech\"', 'ที่อยู่เดียวกันกับที่อยู่ที่จดทะเบียนพาณิชย์', 'ที่อยู่เดียวกันกับที่อยู่ที่จดทะเบียนพาณิชย์', '', 'ศศินันท์ วรเกรียงไกร', '0858499877', '', '', 'sasinun@perceptra.tech', '$2y$10$5RCfwtvsp1kdm4/vKkZOtOvJBUjcvBAZnO6Jn6.PbNvkb5NoWALLG', 'User'),
(43, '2023-11-02', 'SQUAT', '-------------', 'สวทช INC2', 'ที่อยู่เดียวกันกับที่อยู่ที่จดทะเบียนพาณิชย์', 'ที่อยู่เดียวกันกับที่อยู่ที่จดทะเบียนพาณิชย์', '', 'สุธี หางนาค', '0931574320', '', '', 'squat@nectec.or.th', '$2y$10$9njHvIDvy6uT22J/YnL1deMJVa7FOamvYRl0oEpE2Pl9aZ7gqJrFu', 'User'),
(44, '2023-11-02', 'บริษัท โค้ด 224 จำกัด', '-------------', '46/59 พหลโยธิน 52 สายไหม กรุงเทพมหานคร 10220', 'ที่อยู่เดียวกันกับที่อยู่ที่จดทะเบียนพาณิชย์', 'ที่อยู่เดียวกันกับที่อยู่ที่จดทะเบียนพาณิชย์', '', 'อิทธินันฑ์ ธีรภาพวงศ์', '-----------------------', '', '', 'teerapar@hotmail.com', '$2y$10$/t3JGsMjbBKZyiEE5IP2MOEAx4T0G/1sfB.WNvPIas6E3o..rzeNS', 'User'),
(45, '2023-11-02', 'น.อ.ไอยรา จันทรสนธิ', '-------------', '64/304 ถนนกาญจนาภิเษก ต.ลำโพ อ.บางบัวทอง จ.นนทบุรี 11000', 'ที่อยู่เดียวกันกับที่อยู่ที่จดทะเบียนพาณิชย์', 'ที่อยู่เดียวกันกับที่อยู่ที่จดทะเบียนพาณิชย์', '', 'ไอยรา จันทรสนธิ', '0841479437', '', '', 'gooddevill@hotmail.com', '$2y$10$dAyK4zGc/JeF.N/QUoyNvOJUt01PBYWbYBl.m1X0GxG91p8oz9T12', 'User'),
(46, '2023-11-02', 'ภาควิชาโสต ศอ นาสิกวิทยา คณะแพทยศาสตร์ จุฬาลงกรณ์มหาวิทยาลัย', '-------------', 'ภาควิชาโสต ศอ นาสิก คณะแพทยศาสตร์ จุฬาลงกรณ์มหาวิทยาลัย ถนนพระราม 4 ปทุมวัน กทม', 'ที่อยู่เดียวกันกับที่อยู่ที่จดทะเบียนพาณิชย์', 'ที่อยู่เดียวกันกับที่อยู่ที่จดทะเบียนพาณิชย์', '', 'ภัทร์นฤน มหัธนสกุล', '022564103', '022564103', '', 'mod_patnarin@yahoo.com', '$2y$10$z74nGsbAEXWadE6KXHCgeedZK3.M7ubY8Dwp9bbITopwlvLr616XG', 'User'),
(47, '2023-11-02', 'บริษัท จาร์ตัน กรุ๊ป จำกัด', '-------------', '\"222 อาคารจึงกานต์กุล ถนน พระราม3 แขวงบางคอแหลม เขตบางคอแหลม กรุงเทพมหานคร 10120 \"', 'ที่อยู่เดียวกันกับที่อยู่ที่จดทะเบียนพาณิชย์', 'ที่อยู่เดียวกันกับที่อยู่ที่จดทะเบียนพาณิชย์', '', 'นายสรายุทธ ศิริพลับ', '02-689-0888', '', '', 'Alliance@jarton.co.th', '$2y$10$HXKYz32n4E4f2524blBSc.UmF0moGM0kB35RJCNUiJSkcEGmzxf06', 'User'),
(48, '2023-11-02', '\"ทีมวิจัยเทคโนโลยีเกษตรดิจิทัล (DAT) ด้านวิจัยและพัฒนาเทคโนโลยีระบบและเครือข่ายอัจฉริยะ (ITSN)\"', '-------------', '\"สำนักงานพัฒนาวิทยาศาสตร์และเทคโนโลยีแห่งชาติ ที่อยู่ 111 อุทยานวิทยาศาสตร์ประเทศไทย ถ.พหลโยธิน ต.คลองหนึ่ง อ.คลองหลวง จ.ปทุมธานี 12120\"', 'ที่อยู่เดียวกันกับที่อยู่ที่จดทะเบียนพาณิชย์', 'ที่อยู่เดียวกันกับที่อยู่ที่จดทะเบียนพาณิชย์', '', 'ปิยะ ชาติไทยเจริญ', '0-2564-6900', '', '', 'piya.cha@ncr.nstda.or.th', '$2y$10$xje9JXvg1jXieANh1d93NOtqQa5o6i9y85PnRXJECcx1dyDih6vfy', 'User'),
(49, '2023-11-02', 'มูลนิธิทันตนวัตกรรม ในพระบรมราชูปถัมภ์ ', '-------------', '157/4 ถนนประดิษฐ์มนูธรรม เขตวังทองหลาง แขวงวังทองหลาง  กทม 10310', 'ที่อยู่เดียวกันกับที่อยู่ที่จดทะเบียนพาณิชย์', 'ที่อยู่เดียวกันกับที่อยู่ที่จดทะเบียนพาณิชย์', '', 'กมลชนก สกุลประเสริฐ', '---------------------------', '', '', 'k.sakulprasert@gmail.com', '$2y$10$BOZb2CqJShhiVwDHjdHL.eEiAc3kpVRgjXYH17v4.phOvflkxqdt6', 'User'),
(50, '2023-11-02', 'บริษัทสุพรีร่า อินโนเวชั่น จำกัด', '-------------', '92/5-7 หมู่ 6 ตำบลราษฎร์นิยม อำเภอไทรน้อย  จังหวัดนนทบุรี 11150 ประเทศไทย ', 'ที่อยู่เดียวกันกับที่อยู่ที่จดทะเบียนพาณิชย์', 'ที่อยู่เดียวกันกับที่อยู่ที่จดทะเบียนพาณิชย์', '', 'สุนัญญา นาบุญ', '024340040', '', '', 'supreme.iso13485@gmail.com', '$2y$10$V08FCfl0nHT3kj63G77y9.dsYCEJ8XFPDQxbi/UnqIDu0qk1gKs.O', 'User'),
(51, '2023-11-02', 'บริษัทไจเทค', '-------------', 'เลขที่ 89/45 หมู่บ้านพฤกษ์ลดา ติวานนท์-ราชพฤกษ์ หมู่ที่ 1 ตำบลบางตะไนย์ อำเภอปากเกร็ด จังหวัดนนทบุรี 11120', 'ที่อยู่เดียวกันกับที่อยู่ที่จดทะเบียนพาณิชย์', 'ที่อยู่เดียวกันกับที่อยู่ที่จดทะเบียนพาณิชย์', '', 'พีรพงษ์ ทองภูเบศร์', '----------------------------', '', '', 'pt@jitech.co.th', '$2y$10$qs9EyJowFI6y9/dfxR2CTuBSpiWVVlFpjkppgZbW92ofBf5jmxYyi', 'User'),
(52, '2023-11-02', 'บริษัท แอคชีฟเวอร์ส จำกัด', '-------------', 'บริษัท แอคชีฟเวอร์ส จำกัด 140/21 อาคารไอทีเอฟ ชั้น 12 ถนนสีลม แขวงสุริยวงศ์ เขตบางรัก กรุงเทพมหานคร 10500', 'ที่อยู่เดียวกันกับที่อยู่ที่จดทะเบียนพาณิชย์', 'ที่อยู่เดียวกันกับที่อยู่ที่จดทะเบียนพาณิชย์', '', 'พัชชา คำบ่อ', '-----------------------------', '', '', 'ace.patcha1@gmail.com', '$2y$10$kaHOwO3iOc4.5NciymcgpeAe.3HPpXW6XdU2g0LacTtMihJZWfN7i', 'User'),
(53, '2023-11-02', 'คณะวิศวกรรมศาสตร์ มหาวิทยาลัยเชียงใหม่', '-------------', '239 ถ.ห้วยแก้ว ต.สุเทพ อ.เมือง จ.เชียงใหม่ 50200', 'ที่อยู่เดียวกันกับที่อยู่ที่จดทะเบียนพาณิชย์', 'ที่อยู่เดียวกันกับที่อยู่ที่จดทะเบียนพาณิชย์', '', 'รศ.ดร.ระดม พงษ์วุฒิธรรม', '------------------------', '', '', 'radomp@gmail.com', '$2y$10$tVFJojrtI59AcARVrQRa4uNz9YJNalGf7yhXOm4hDe6G5UBK64pCq', 'User'),
(54, '2023-11-03', 'โครงการพัฒนาเครื่องให้สารละลายทางหลอดเลือดดำและเครื่องติดตามการทำงานแบบไร้สาย', '-------------', 'โรงพยาบาลพัฒนานิคม 1 หมู่ที่ 6 ต.พัฒนานิคม อ.พัฒนานิคม จ.ลพบุรี 15140', 'ที่อยู่เดียวกันกับที่อยู่ที่จดทะเบียนพาณิชย์', 'ที่อยู่เดียวกันกับที่อยู่ที่จดทะเบียนพาณิชย์', '', 'วัชรภรณ์ ผิวอ่อนดี', '--------------', '', '', 'w.phiuondee@gmail.com', '$2y$10$OgQAh4JiwS0MCv34/xPxbuilABo/CDzP4X8YdAawVV6yMs7EP1kFy', 'User'),
(55, '2023-11-03', 'บริษัท อินโนเทค 2021 จำกัด', '-------------', '41/321 ถนนนวลจันทร์ แขวงนวลจันทร์ เขตบึงกุ่ม กรุงเทพฯ 10240', 'ที่อยู่เดียวกันกับที่อยู่ที่จดทะเบียนพาณิชย์', 'ที่อยู่เดียวกันกับที่อยู่ที่จดทะเบียนพาณิชย์', '', 'กัญญาภรณ์ เหลือรักษ์', '0814424624', '', '', 'info.innotech2021@gmail.com', '$2y$10$yyrdHMw3l9dHizihPfTbyOL2tMED9IuD9nyUZyHI1T.O.yVQ5giG6', 'User'),
(56, '2023-11-03', 'สถาบันประเมินและรับรองเทคโนโลยีดิจิทัล ศูนย์เทคโนโลยีอิเล็กทรอนิกส์และคอมพิวเตอร์แห่งชาติ', '-------------', '112 ถนนพหลโยธิน ตำบลคลองหนึ่ง อำเภอคลองหลวง จังหวัดปทุมธานี 12120', 'ที่อยู่เดียวกันกับที่อยู่ที่จดทะเบียนพาณิชย์', 'ที่อยู่เดียวกันกับที่อยู่ที่จดทะเบียนพาณิชย์', '', 'อรธินี พยัคฆะญาติ', '---------------------------', '', '', 'onthinee.payakkayart@nectec.or.th', '$2y$10$BStbI1wbj0Xx6mEARkjSrupFwKV.xJ6vanJTQZdzQG0QxyEYOwABS', 'User'),
(57, '2023-11-03', 'บริษัท เซ็นส์ อินโฟ เทค จำกัด', '-------------', '96/6 ม.4 ซอย 19 ตำบลคลองเกลือ อำเภอปากเกร็ด จังหวัด นนทบุรี 11120', 'ที่อยู่เดียวกันกับที่อยู่ที่จดทะเบียนพาณิชย์', 'ที่อยู่เดียวกันกับที่อยู่ที่จดทะเบียนพาณิชย์', '', 'อาทิตย์ อังประภาพรชัย', '02-582-8273', 'sddddddddddddddg', '', 'athit@sense-infotech.com', '$2y$10$wEb4bzIyp13KKWMBtlIiR.Suk1.Gbu3cRt4pKh8yHWDxwszSSJiZ2', 'User');

-- --------------------------------------------------------

--
-- Table structure for table `masterproduct`
--

CREATE TABLE `masterproduct` (
  `Masterproduct_ID` int(8) NOT NULL,
  `Masterproduct_Name` varchar(255) NOT NULL,
  `Masterproduct_Name_Abbreviation` varchar(100) NOT NULL,
  `Masterproduct_Description` text NOT NULL
) ENGINE=InnoDB DEFAULT CHARSET=utf8 COLLATE=utf8_unicode_ci;

--
-- Dumping data for table `masterproduct`
--

INSERT INTO `masterproduct` (`Masterproduct_ID`, `Masterproduct_Name`, `Masterproduct_Name_Abbreviation`, `Masterproduct_Description`) VALUES
(1, 'ระบบซอฟต์แวร์', 'Software', 'เช่น Desktop Application, Web Application, Mobile Application, Application Programming interface (API), Embedded/firmware, Device/IOT (ISO/IEC 25040 : 2011, ISO/IEC/IEEE 29119 - 2 : 2013)\r\n'),
(2, 'Internet of Things (IoT)', 'IoT', 'หากมีข้อมูลเพิ่มเติมเกี่ยวกับผลิตภัณฑ์ เช่น รายละเอียดผลิตภัณฑ์ คู่มือการใช้งาน Spec ฯลฯ สามารถส่งรายละเอียดมาได้ทาง e-mail : service_squat@nectec.or.th เพื่อเป็นข้อมูลเบื้องต้นในการดำเนินการต่อไป'),
(3, 'ระบบเก็บรักษาข้อมูลจราจรทางคอมพิวเตอร์ (Computer Log Systems)', 'Computer Log Systems', 'สอดคล้องกับพรบ.ว่าด้วยการกระทำความผิดเกี่ยวกับคอมพิวเตอร์ (ฉบับที่ 2) พ.ศ. 2560\r\n'),
(4, 'เครื่องมือแพทย์ (Medical devices) / ซอฟต์แวร์เครื่องมือแพทย์ (Software Medical devices)', 'Medical devices', 'หากมีข้อมูลเพิ่มเติมเกี่ยวกับผลิตภัณฑ์ เช่น รายละเอียดผลิตภัณฑ์ คู่มือการใช้งาน Spec ฯลฯ สามารถส่งรายละเอียดมาได้ทาง e-mail : service_squat@nectec.or.th เพื่อเป็นข้อมูลเบื้องต้นในการดำเนินการต่อไป'),
(5, 'การทดสอบอื่น ๆ', 'อื่น ๆ', 'โปรดระบุ'),
(30, 'd', 'd', 'd'),
(32, 'zz', 'zz', 'zz'),
(33, 'ds', 'sds', 'dsds'),
(42, 'ssss', 'ssss', 'ssss'),
(46, 'หห', 'หห', 'หห');

-- --------------------------------------------------------

--
-- Table structure for table `masterproductmulti`
--

CREATE TABLE `masterproductmulti` (
  `Masterproduct_Multi_ID` int(11) NOT NULL,
  `Masterproduct_Test_ID` int(8) NOT NULL,
  `Service_ID` int(5) UNSIGNED ZEROFILL NOT NULL
) ENGINE=InnoDB DEFAULT CHARSET=utf8mb4 COLLATE=utf8mb4_general_ci;

--
-- Dumping data for table `masterproductmulti`
--

INSERT INTO `masterproductmulti` (`Masterproduct_Multi_ID`, `Masterproduct_Test_ID`, `Service_ID`) VALUES
(1, 1, 00001),
(2, 5, 00001),
(3, 1, 00002),
(4, 3, 00002),
(5, 4, 00002),
(9, 1, 00004),
(10, 3, 00004),
(11, 4, 00004),
(12, 1, 00005),
(13, 3, 00005),
(14, 4, 00005),
(15, 1, 00006),
(16, 3, 00006),
(17, 4, 00006),
(18, 1, 00001),
(19, 5, 00001),
(20, 34, 00001),
(21, 1, 00002),
(23, 1, 00004),
(24, 5, 00004),
(25, 2, 00005),
(26, 34, 00006),
(27, 7, 00007),
(28, 1, 00008),
(29, 5, 00008),
(30, 7, 00009),
(31, 2, 00010),
(32, 6, 00010),
(33, 2, 00011),
(34, 1, 00012),
(35, 5, 00012),
(36, 7, 00013),
(37, 1, 00014),
(38, 5, 00014),
(39, 7, 00015),
(40, 2, 00016),
(41, 1, 00017),
(42, 5, 00018),
(46, 2, 00020),
(47, 6, 00020),
(48, 7, 00021),
(49, 7, 00022),
(50, 9, 00023),
(51, 7, 00024),
(52, 1, 00025),
(53, 6, 00026),
(54, 7, 00027),
(55, 34, 00028),
(56, 1, 00029),
(57, 5, 00029),
(58, 1, 00030),
(59, 5, 00030),
(60, 7, 00031),
(61, 7, 00032),
(62, 1, 00033),
(63, 7, 00034),
(64, 1, 00035),
(65, 5, 00035),
(66, 5, 00036),
(67, 1, 00037),
(68, 5, 00037),
(69, 7, 00038),
(70, 7, 00039),
(71, 7, 00040),
(72, 7, 00041),
(73, 9, 00042),
(74, 1, 00043),
(75, 9, 00044),
(76, 7, 00045),
(77, 7, 00046),
(78, 2, 00047),
(79, 7, 00048),
(80, 1, 00049),
(81, 1, 00050),
(82, 5, 00050),
(83, 34, 00051),
(84, 7, 00052),
(85, 7, 00053),
(86, 1, 00054),
(87, 5, 00054),
(88, 7, 00055),
(89, 2, 00056),
(90, 34, 00057),
(91, 1, 00058),
(92, 34, 00059),
(93, 7, 00060),
(94, 7, 00061),
(95, 9, 00062),
(96, 1, 00063),
(97, 5, 00063),
(98, 7, 00064),
(99, 7, 00065),
(100, 7, 00066),
(101, 1, 00067),
(102, 1, 00068),
(103, 1, 00069),
(104, 5, 00069),
(105, 7, 00070),
(106, 7, 00071),
(107, 7, 00072),
(108, 1, 00073),
(109, 5, 00073),
(110, 2, 00074),
(111, 1, 00075),
(112, 2, 00076),
(113, 2, 00077),
(114, 6, 00077),
(115, 2, 00078),
(116, 6, 00078),
(117, 2, 00079),
(118, 6, 00080),
(119, 2, 00081),
(120, 2, 00082),
(121, 2, 00083),
(122, 2, 00084),
(123, 2, 00085),
(124, 2, 00086),
(125, 6, 00086),
(126, 9, 00087),
(127, 1, 00088),
(128, 3, 00088),
(129, 4, 00088),
(130, 1, 00089),
(131, 3, 00089),
(132, 1, 00090),
(133, 3, 00090),
(134, 4, 00090),
(135, 1, 00091),
(136, 3, 00091),
(137, 1, 00092),
(138, 3, 00092),
(139, 1, 00093),
(140, 3, 00093),
(141, 1, 00094),
(142, 3, 00094),
(143, 1, 00095),
(144, 3, 00095),
(145, 2, 00096),
(146, 1, 00097),
(147, 1, 00098),
(148, 1, 00099),
(149, 3, 00099),
(150, 1, 00100),
(151, 1, 00101),
(152, 3, 00101),
(153, 1, 00102),
(154, 1, 00103),
(155, 3, 00103),
(156, 9, 00104),
(157, 1, 00105),
(158, 3, 00105),
(159, 4, 00105),
(160, 1, 00106),
(161, 3, 00106),
(162, 4, 00106),
(163, 1, 00107),
(164, 3, 00107),
(165, 1, 00108),
(166, 3, 00108),
(167, 1, 00109),
(168, 1, 00110),
(169, 3, 00110),
(170, 2, 00111),
(171, 6, 00111),
(172, 1, 00112),
(173, 3, 00112),
(174, 1, 00113),
(175, 3, 00113),
(176, 1, 00114),
(177, 3, 00114),
(178, 4, 00114),
(179, 1, 00115),
(180, 3, 00115),
(181, 4, 00115),
(182, 1, 00116),
(183, 34, 00117),
(184, 1, 00118),
(185, 1, 00119),
(186, 1, 00120),
(187, 3, 00120),
(188, 2, 00121),
(189, 6, 00121),
(190, 1, 00122),
(191, 3, 00122),
(192, 2, 00123),
(193, 6, 00123),
(194, 1, 00124),
(195, 1, 00125),
(196, 3, 00125),
(197, 1, 00126),
(198, 3, 00126),
(199, 1, 00127),
(200, 3, 00127),
(201, 9, 00128),
(202, 2, 00129),
(203, 6, 00129),
(204, 6, 00130),
(205, 1, 00131),
(206, 4, 00131),
(207, 1, 00132),
(208, 3, 00132),
(209, 1, 00133),
(210, 3, 00133),
(211, 1, 00134),
(212, 3, 00134),
(213, 1, 00135),
(214, 3, 00135),
(215, 4, 00135),
(216, 5, 00135),
(217, 1, 00136),
(218, 1, 00137),
(219, 3, 00137),
(220, 4, 00137),
(221, 1, 00138),
(222, 1, 00139),
(223, 1, 00140),
(224, 3, 00140),
(225, 1, 00141),
(226, 3, 00141),
(227, 5, 00142),
(228, 60, 00142),
(229, 1, 00143),
(230, 3, 00143),
(231, 1, 00144),
(232, 3, 00144),
(233, 1, 00145),
(234, 1, 00146),
(235, 1, 00147),
(236, 1, 00148),
(237, 1, 00149),
(238, 1, 00150);

-- --------------------------------------------------------

--
-- Table structure for table `masterproducttest`
--

CREATE TABLE `masterproducttest` (
  `Masterproduct_Test_ID` int(8) NOT NULL,
  `Masterproduct_Test_Name` varchar(255) NOT NULL,
  `Masterproduct_ID` int(8) NOT NULL
) ENGINE=InnoDB DEFAULT CHARSET=utf8 COLLATE=utf8_unicode_ci;

--
-- Dumping data for table `masterproducttest`
--

INSERT INTO `masterproducttest` (`Masterproduct_Test_ID`, `Masterproduct_Test_Name`, `Masterproduct_ID`) VALUES
(1, 'การทำงานเชิงหน้าที่ (Functional suitability)', 1),
(2, 'ทดสอบทุกหัวข้อ (Full Test) (มศอ. 4003.1-2560)', 3),
(3, 'ความปลอดภัย (Security)', 1),
(4, 'การทดสอบการใช้งาน (Usability)', 1),
(5, 'ประสิทธิภาพ (Performance efficiency)', 1),
(6, 'วิธีการประเมินสมรรถนะ (Method to evaluating performance) (ศอ. 2006.3-2558)', 3),
(7, 'Programmable electrical medical system (PEMS) (IEC 60601-1 : 2005 + AMD1:2012)', 4),
(8, 'Software life cycle process (IEC 62304 : 2006 + AMD1:2015)', 4),
(9, 'วิธีการทดสอบพื้นฐาน', 2),
(34, 'การทดสอบพื้นฐาน', 5),
(60, '1', 1),
(61, 'sdasdasdss', 1),
(62, 'xxxx', 42),
(63, '0000', 5),
(64, '1111111111', 1),
(65, '4', 1),
(66, 'หหห', 46),
(67, '111', 1),
(68, '555', 30);

-- --------------------------------------------------------

--
-- Table structure for table `master_budgetyear`
--

CREATE TABLE `master_budgetyear` (
  `BudgetID` int(4) NOT NULL,
  `datestart` date NOT NULL,
  `dateend` date NOT NULL,
  `year` varchar(10) NOT NULL
) ENGINE=InnoDB DEFAULT CHARSET=utf8mb4 COLLATE=utf8mb4_general_ci;

--
-- Dumping data for table `master_budgetyear`
--

INSERT INTO `master_budgetyear` (`BudgetID`, `datestart`, `dateend`, `year`) VALUES
(28, '2023-11-13', '2024-01-24', '67');

-- --------------------------------------------------------

--
-- Table structure for table `secretcondition`
--

CREATE TABLE `secretcondition` (
  `Secret_Condition_ID` int(8) NOT NULL,
  `Secret_Condition_Name` text NOT NULL
) ENGINE=InnoDB DEFAULT CHARSET=utf8 COLLATE=utf8_unicode_ci;

--
-- Dumping data for table `secretcondition`
--

INSERT INTO `secretcondition` (`Secret_Condition_ID`, `Secret_Condition_Name`) VALUES
(1, 'ข้อมูลผลิตภัณฑ์ของบริษัทจะถูกเก็บเป็นความลับ และจะไม่เปิดเผยต่อสาธารณะ ยกเว้นการขออนุญาตจากทางบริษัทเป็นลายลักษณ์อักษร หากต้องมีการเปิดเผยข้อมูลลูกค้าตามที่กฎหมายกำหนด หรือได้รับมอบหมายตามข้อตกลง ห้องปฎิบัติการทดสอบ จะดำเนินการแจ้งลูกค้าเป็นลายลักษณ์อักษรโดยทันที'),
(2, 'ข้อมูลรายละเอียดในส่วนของผู้ขอรับบริการจะนำไปใช้เพื่อการติดต่อประสานงานภายในศูนย์เทคโนโลยีอิเล็กทรอนิกส์และคอมพิวเตอร์แห่งชาติเท่านั้น'),
(3, 'วิ่ง100กิโล วิดพื้น100ครั้ง ซิทอัพ100ครั้ง สคอส100ครั้ง หน้าหนาวหห้ามใช้ฮีตเตอร์ หน้าร้อนห้ามเปิดแอร์'),
(26, '22222222'),
(27, '6'),
(28, 'tt['),
(29, '\'\'\'\'\'\''),
(30, '3'),
(31, '8'),
(32, 'ปแแ'),
(33, 'ฟฟ'),
(34, 'หหหหหห11111111'),
(35, '00');

-- --------------------------------------------------------

--
-- Table structure for table `service`
--

CREATE TABLE `service` (
  `Service_ID` int(3) UNSIGNED ZEROFILL NOT NULL,
  `Date_Service` date NOT NULL DEFAULT current_timestamp(),
  `Masterproduct_ID` int(8) NOT NULL,
  `Servicecondition` varchar(255) NOT NULL,
  `Secretcondition` varchar(255) NOT NULL,
  `Model_Name` varchar(255) NOT NULL,
  `Feature` varchar(255) NOT NULL,
  `Install` varchar(255) NOT NULL,
  `Useenvironment` varchar(255) NOT NULL,
  `Equipment` varchar(255) NOT NULL,
  `Details` varchar(255) DEFAULT NULL,
  `Customer_ID` int(11) NOT NULL,
  `On_Off` varchar(255) NOT NULL,
  `ServiceRequest_BY` char(3) NOT NULL COMMENT 'RYY Budget Year',
  `ServiceRequest_No` int(3) UNSIGNED ZEROFILL NOT NULL COMMENT 'NNN - running No.	',
  `ServiceRequestID` varchar(10) NOT NULL
) ENGINE=InnoDB DEFAULT CHARSET=utf8 COLLATE=utf8_unicode_ci;

--
-- Dumping data for table `service`
--

INSERT INTO `service` (`Service_ID`, `Date_Service`, `Masterproduct_ID`, `Servicecondition`, `Secretcondition`, `Model_Name`, `Feature`, `Install`, `Useenvironment`, `Equipment`, `Details`, `Customer_ID`, `On_Off`, `ServiceRequest_BY`, `ServiceRequest_No`, `ServiceRequestID`) VALUES
(001, '2000-11-25', 1, 'รับทราบ', 'รับทราบและยอมรับ', 'zaasa', ' h;;;;;;;', '11111111111', 'กกกกกกกกกกกก', 'sssssss', 'sss', 1, 'On', '43', 001, ''),
(002, '2000-11-25', 0, 'รับทราบ', 'รับทราบและยอมรับ', 'ggggggggggggggggx', 'xxxxxxxxxxxxxxxxxg', 'xxxxxxxxxxxxx', 'xxxxxxxxxxxxxxxxxxxxxxxxxxxxxxxxxxxxxx', 'xxxxxxxxxxxxxxxxxxxxxxxxxxxxxxx', 'xxxxxxxxxxxxxxxxxxxx', 1, 'Off', '43', 002, ''),
(004, '2020-11-02', 1, 'รับทราบ', 'รับทราบและยอมรับ', 'Rtu', 'ควบคุมการทำงานของโคมไฟ', 'ภายนอกอาคาร', 'ควบคุมการทำงาน', 'Software  RTU', '', 3, 'Off', '63', 004, ''),
(005, '2023-11-02', 3, 'รับทราบ', 'รับทราบและยอมรับ', 'Syslog-ng store box Version 6.0', 'Software ระบบเก็บข้อมูลจราจรทางคอมพิวเตอร์', 'ติดตั้งบนระบบปฏิบัติการ ', 'พื้นที่ปิด มีการควบคุมการเข้าใช้งาน', 'เครื่อง Server ', '', 4, 'Off', '63', 005, ''),
(006, '2023-11-02', 5, 'รับทราบ', 'รับทราบและยอมรับ', 'ซอฟต์แวร์เครื่องช่วยฟัง', 'ซอฟต์แวร์ปรับจูนสำหรับเครื่องช่วยฟัง', 'ติดตั้งบนสมาร์ทโฟนหรือคอมพิวเตอร์', 'สภาพแวดล้อมทั่วไป', 'สมาร์ทโฟนหรือคอมพิวเตอร์', '', 5, 'Off', '63', 006, ''),
(007, '2023-11-02', 4, 'รับทราบ', 'รับทราบและยอมรับ', 'NAPD / V.3', 'ใช้ล้างไตทางช่องในเวลากลางคืน', 'ระบบสมองกลฝังตัวที่ทำการติดตั้งมาเรียบร้อยแล้วพร้อมใช้งาน', 'ใช้งานที่บ้าน', 'เครื่องล้างไตทางช่องท้องแบบอัตโนมัติ', '', 6, 'Off', '63', 007, ''),
(008, '2023-11-02', 1, 'รับทราบ', 'รับทราบและยอมรับ', 'Roomminister', 'เป็นระบบจองห้องประชุมที่เชื่อมต่อกับข้อมูลการจองของระบบ MS O365 ได้', 'บน Cloud ', 'Internet Access', 'Cloud Server / Room Panel (Touchable)', 'รองรับแพลตฟอร์ม Web Responsive ผ่านทางอินเตอร์เน็ต', 7, 'Off', '63', 008, ''),
(009, '2023-11-02', 4, 'รับทราบ', 'รับทราบและยอมรับ', 'Bederly Smart Bed & Smart Mattress', 'Software ควบคุมเตียงผ่านระบบ Mobile Application', 'ติดตั้งในอุปกรณ์ฝังตัว และ Smart phone', 'Home care และ สถานพยาบาล', 'Embedded Micro controller และ smart phone', '', 8, 'Off', '63', 009, ''),
(010, '2023-11-02', 3, 'รับทราบ', 'รับทราบและยอมรับ', 'SRAN NetApprove รุ่น NG200', 'อุปกรณ์เก็บรักษาข้อมูลจราจรทางคอมพิวเตอร์/เฝ้าระวังภัยคุกคามและป้องกันการเข้าถึงเว็บไซต์ที่ไม่เหมาะสมบนระบบสารสนเทศ', 'เบื้องต้นเสียบสาย Lan เข้า Port 1 เพื่อจัดการอุปกรณ์ผ่านไอพี 192.168.1.1', 'ควรติดตั้งในห้อง Server ที่มีอุณหภูมิและความชื้นที่เหมาะสม', '\"สาย Console 1 เส้น\r\nสาย Lan 1 เส้น\r\nสาย AC Power 2 เส้น\"', '', 9, 'Off', '63', 010, ''),
(011, '2023-11-02', 1, 'รับทราบ', 'รับทราบและยอมรับ', 'L100', 'Log Management System', 'Appliance BOX', 'Data Centery', 'Appliance BOX', 'อุปกรณ์ Log Management Appliance BOX', 1, 'Off', '63', 011, ''),
(012, '2023-11-02', 1, 'รับทราบ', 'รับทราบและยอมรับ', 'SMART EASY OPD ', '\"Smart Easy OPD\r\nระบบคัดกรองอัตโนมัติ โดยระบบจะสามารถเชื่อมต่อกับอุปกรณ์การแพทย์ที่ใช้ในการคัดกรองและบันทึกค่าต่าง ๆ ที่เกี่ยวข้องกับการคัดกรองผู้ป่วย (OPD) ได้อย่างเหมาะสม สามารถส่งต่อข้อมูลไปยังแผนกที่เกี่ยวข้องได้อย่างอัตโนมัติทั้งค่าความดัน (BP) ค่า S', 'ติดตั้งที่รพ.', 'ภายในรพ. หน่วยงาน OPD ', 'Mini PC ', '', 11, 'Off', '63', 012, ''),
(013, '2023-11-02', 4, 'รับทราบ', 'รับทราบและยอมรับ', 'PASS Pro-version', 'ซอฟต์แวร์ตรวจคัดกรองการได้ยินติดตั้งบนแท็บเล็ต Android/iOS', 'Google Play Store / Apple App Store', 'Android / iOS', 'Android tablet / iPad ทางทีมวิจัยฯ การประมวลสัญญาณประสาทมีให้ยืมใช้', '', 12, 'Off', '63', 013, ''),
(014, '2023-11-02', 1, 'รับทราบ', 'รับทราบและยอมรับ', 'UTherm-FaceSense', 'เป็นระบบคัดกรองอุณหภูมิใบหน้าแบบไม่สัมผัส', 'วางบนขาตั้งกล้องที่รองรับน้ำหนัก 1.7 กก. ได้', 'ใช้ในอาคาร', 'เครื่องมิวเทอร์ม-เฟสเซนซ์ ขาตั้งกล้อง จอแสดงผล และอื่นๆที่จำเป็น', '', 13, 'Off', '63', 014, ''),
(015, '2023-11-02', 4, 'รับทราบ', 'รับทราบและยอมรับ', 'เครื่องให้สารละลายทางหลอดเลือดดำ', '-', '-', '-', '-', '-', 14, 'Off', '63', 015, ''),
(016, '2023-11-02', 3, 'รับทราบ', 'รับทราบและยอมรับ', 'ซอฟต์แวร์เก็บรักษาข้อมูลจราจรทางคอมพิวเตอร์  NetEvid  Centralize log Management รุ่น 1.xx.x', 'เป็นซอฟต์สำหรับจัดเก็บข้อมูลจราจรทางคอมพิวเตอร์ ตามพระราชบัญญัติ (พ.ร.บ.) ว่าด้วยการกระทำความผิดเกี่ยวกับคอมพิวเตอร์ พ.ศ.2560', 'ติดตั้งบน  VM (VMware-ESX, Hyper-V, Virtual Box) หรือ อุปกรณ์เครื่องแม่ข่ายคอมพิวเตอร์ ', 'ติดตั้งบนอุปกรณ์ที่มีการวางไว้ใน ห้อง Server หรือ อื่นๆ ที่มีการกำหนดสิทธิ์การเข้าถึง ทั้งทางกายภาพ และการเข้าถึงโดยระบบเครือข่าย', 'Processor : Quad Core, Memory : 16 GB,Disk space HDD: 4TB,Network : 2 x 10/100/1000 BaseTX,Serial Port:Yes,Chassis from factor:19\" 1U', '', 15, 'Off', '63', 016, ''),
(017, '2023-11-02', 1, 'รับทราบ', 'รับทราบและยอมรับ', 'Alexa echo dot', 'smart speaker', 'plug and play, WiFi connect pairing ', 'home user', 'Alexa, Mobile Phone, Mobile App', '', 16, 'Off', '63', 017, ''),
(018, '2023-11-02', 3, 'รับทราบ', 'รับทราบและยอมรับ', 'Sinenix', 'Sinenix เป็นซอฟต์แวร์ซึ่งพัฒนาขึ้น เพื่อจัดเก็บข้อมูลจราจรทางคอมพิวเตอร์ (Log File) ตามหลักเกณฑ์พระราชบัญญัติว่าด้วยการกระทาความผิดเกี่ยวกับคอมพิวเตอร์', 'การติดตั้ง Sinenix จะเป็นการติดตั้งอุปกรณ์ พร้อมทั้งตั้งค่าอุปกรณ์ในบางจุด เพื่อให้ Sinenix ทางานร่วมกับระบบคอมพิวเตอร์ภายในบริษัทได้ โดยในการติดตั้งอุปกรณ์นั้นจะไม่ต้องลงโปรแกรมเพิ่มเติมที่คอมพิวเตอร์เครื่อง Client แต่อย่างใด', 'Sinenix จะต้องติดตั้งอยู่ในระบบ Network ซึ่งตาแหน่งดังกล่าวจะต้องสามารถติดต่อกับอุปกรณ์ ต้นทางในการจัดส่ง Log เช่น Firewall หรือ Mail Server ได้', '-', 'ข้อมูลเพิ่มเติมจะส่งให้ทาง email ค่ะ', 17, 'Off', '63', 018, ''),
(020, '2023-11-02', 3, 'รับทราบ', 'รับทราบและยอมรับ', 'ซอฟแวร์เก็บรักษาข้อมูลจราจรทางคอมพิวเตอร์ตระกูล DLOG เวอร์ชั่น 1.x.x', 'DLOG เป็นอุปกรณ์ที่ออกแบบและผลิตมาเพื่อการใช้งานตามวัตถุประสงค์ของ พรบ.คอมพิวเตอร์ พ.ศ.2550 และ พ.ศ.2560 โดยคำนึงถึงการใช้งานและการดูแลรักษาได้โดยง่าย ซึ่งสามารถทำหน้าที่จัดเก็บข้อมูลจราจรทางคอมพิวเตอร์ได้ 2 mode คือ Authentication Gateway Log Mode และ Ce', 'ระบบของ DLOG ได้รับการพัฒนาบนระบบปฏิบัติการ Linux ซึ่งการติดตั้งสามารถกระทำได้โดยง่ายเพียงแค่เชื่อมต่อระบบกับเครือข่ายที่มีอยู่ โดยจะติดตั้งให้เป็นแบบ Authentication Gateway Log Mode หรือ Centralized Log Mode ก็ได้ ', 'DLOG เป็นอุปกรณ์ที่ใช้ติดตั้งภายในอาคารเท่านั้น ซึ่งอุปกรณ์มีขนาดมาตรฐานสามารถจัดวางในตู้แร็คหรือตำแหน่งที่เหมาะสมกับระบบเครือข่ายที่มีอยู่แล้วได้โดยง่าย ซึ่งสถาพแวดล้อมที่แนะนำคือ อุณภูมิระหว่าง -20 องศาเซลเซียส จนถึง 70 องศาเซลเซียส ที่ความชื้นสัมพัทธ์ ', 'DLOG Hardware Module และ UTP CAT 5e Patch cord พร้อมคู่มือติดตั้ง', '', 18, 'Off', '63', 019, ''),
(021, '2023-11-02', 4, 'รับทราบ', 'รับทราบและยอมรับ', 'JAiD ระบบติดตามคลื่นไฟฟ้าหัวใจ', '\"JAiD 5.0 ECG Monitoring system  เป็นเครื่องบันทึกการทำงานของหัวใจแบบไร้สายที่ไว้ช่วยแพทย์ในการวินิจฉัยภาวะหัวใจเต้นผิดปกติ ประกอบด้วย เจด 5.0 เครื่องเก็บบันทึกสัญญาณคลื่นไฟฟ้าหัวใจแบบไร้สาย( JAiD 5.0 Wearable sensor) สำหรับติดผู้ป่วย และเจด 5.0 เครื่องส่', 'ติดบริเวณตำแหน่งหัวใจของผู้ป่วย', 'สามารถใช้ในการบันทึกและติดตามคลื่นไฟฟ้าหัวใจได้ทั้งภายในและภายนอกอาคาร หลังจากนั้นจะส่งข้อมูลที่บันทึกโดยผ่าน WiFi, 3G/4G ไปที่ Cloud system service เพื่อประมวลผลและส่งผลกลับมาให้แพทย์เพื่อวินิฉัยอาการต่อไป', '\"-	เจด 5.0 เครื่องเก็บบันทึกสัญญาณคลื่นไฟฟ้าหัวใจแบบไร้สาย( JAiD 5.0 Wearable sensor) \r\n-	เจด 5.0 เครื่องส่งข้อมูลสัญญาณคลื่นไฟฟ้าหัวใจ ( JAiD 5.0 Transmitter ) \r\n-	เจด 5.0 ระบบการตรวจติดตามคลื่นไฟฟ้าหัวใจ (JAiD 5.0 ECG Monitoring system)\r\n\"', '', 19, 'Off', '63', 020, ''),
(022, '2023-11-02', 4, 'รับทราบ', 'รับทราบและยอมรับ', 'เครื่องกระตุ้นกล้ามเนื้อด้วยไฟฟ้า บี-อีเอส 102 (Electrical Stimulator B-ES 102)', '\"เครื่องกระตุ้นกล้ามเนื้อด้วยไฟฟ้า บี-อีเอส 102 (Electrical Stimulator B-ES 102) เป็นเครื่องกำเนิดกระแสไฟฟ้าความถี่ต่ำรูปแบบต่าง ๆ มีวัตถุประสงค์เพื่อใช้ในการกระตุ้นกล้ามเนื้อและปลายประสาทเพื่อการรักษาทางกายภาพบำบัด สำหรับผู้ป่วยที่มีปัญหาเกี่ยวกับกล้ามเน', 'ซอฟต์แวร์อยู่ในตัวผลิตภัณฑ์ (Embedded software) ', 'ใช้งานในอาคาร อาทิ โรงพยาบาล คลินิก ', 'ไม่มีการต่อพ่วงกับอุปกรณ์อื่น', ' ISO 13485 certified', 20, 'Off', '63', 021, ''),
(023, '2023-11-02', 2, 'รับทราบ', 'รับทราบและยอมรับ', 'ระบบ CCTV 2 รุ่น', 'ระบบ CCTV 2 รุ่น โดยทั้ง 2 รุ่น ประกอบด้วย Ipcamera และ Mobile App', 'Mobile App OS : iOS, Android', 'ภายในอาคาร มี WIFI', 'ไม่มีอุปกรณ์ต่อพ่วง', '', 21, 'Off', '63', 022, ''),
(024, '2023-11-02', 4, 'รับทราบ', 'รับทราบและยอมรับ', 'เตียงผู้ป่วยป้องกันการเกิดแผลกดทับด้วยระบบควบคุมผ่านโมบายแอพพลิเคชั่น', 'โปรแกรมสำหรับใช้ขับเคลื่อนมอเตอร์เตียงผู้ป่วย', 'ในตัวอุปกรณ์ควบคุม PLC', 'ในอาคาร', 'ต่อพ่วงกับชุดขับเคลื่อนมอเตอร์เตียงผู้ป่วย', '', 22, 'Off', '63', 023, ''),
(025, '2023-11-02', 1, 'รับทราบ', 'รับทราบและยอมรับ', 'AWAIR 2nd Edition', 'เครื่องตรวจวัดสภาพอากาศ เชื่อมต่อกับโมบายแอปพลิเคชัน', 'อุปกรณ์ IoT และแอปพลิเคชันบนระบบปฏิบัติการ iOS,Android', 'ในอาคาร', 'Power Adapter 5V 2A', '', 16, 'Off', '63', 024, ''),
(026, '2023-11-02', 3, 'รับทราบ', 'รับทราบและยอมรับ', 'Sinenix', 'Sinenix เป็นซอฟต์แวร์ซึ่งพัฒนาขึ้น เพื่อจัดเก็บข้อมูลจราจรทางคอมพิวเตอร์ (Log File) ตามหลักเกณฑ์พระราชบัญญัติว่าด้วยการกระทาความผิดเกี่ยวกับคอมพิวเตอร์', 'การติดตั้ง Sinenix จะเป็นการติดตั้งอุปกรณ์ พร้อมทั้งตั้งค่าอุปกรณ์ในบางจุด เพื่อให้ Sinenix ทางานร่วมกับระบบคอมพิวเตอร์ภายในบริษัทได้ โดยในการติดตั้งอุปกรณ์นั้นจะไม่ต้องลงโปรแกรมเพิ่มเติมที่คอมพิวเตอร์เครื่อง Client แต่อย่างใด', 'Sinenix จะต้องติดตั้งอยู่ในระบบ Network ซึ่งตาแหน่งดังกล่าวจะต้องสามารถติดต่อกับอุปกรณ์ ต้นทางในการจัดส่ง Log เช่น Firewall หรือ Mail Server ได้', '-', '', 17, 'Off', '63', 025, ''),
(027, '2023-11-02', 4, 'รับทราบ', 'รับทราบและยอมรับ', 'Home Uroflowmetry', '\"The Urogo device is developed to be a home-use uroflowmetry\r\ndevice for patient who to be ruled out for benign prostate\r\nhypertrophy or whom suffered from benign prostate\r\nhypertrophy. The device will collect each record and send to\r\nprocess the data and', '\"The device will be placed on the toilet floor. The funnel holder will\r\nbe set over the device to collect the urine and drained it to the\r\nurine container that placed on the device. The device is required to be steady and horizontally placed on the floor.', 'home-use, placed on the toilet floor', '\"The Urogo device consists of 2 parts: the device and the funnel\r\nholder.The funnel can be disposable when the testing period end.\"', '\"IT staff is responsible for setup the device and charging the\r\ndevice.\"', 23, 'Off', '64', 001, ''),
(028, '2023-11-02', 5, 'รับทราบ', 'รับทราบและยอมรับ', 'Datawow\'s e-KYC', 'Model accuracy for face recognition model', 'SDK บน Ubuntu', 'on-premise servers on financial client', 'Server that run linux OS', '', 24, 'Off', '', 000, ''),
(029, '2023-11-02', 1, 'รับทราบ', 'รับทราบและยอมรับ', 'ระบบการจัดการหน่วยจ่ายกลาง (Innovative CSSD Platform)', 'ระบบการบริหารจัดการข้อมูลหน่วยจ่ายกลางในโรงพยาบาล สามารถบันทึกข้อมูลการทำงานตั้งแต่กระบวนการรับอุปกรณ์จากแผนก บันทึกฆ่าเชื้ออุปกรณ์ ปรินท์สติ๊กเกอร์ก กำกับเซ็ตอุปกรณ์ รวมถึงการค้นหาข้อมูลรายงานของระบบ', '\"ติดตั้งแบบ stand alone และใช้งานระบบในเครื่องได้\r\n\"', ' เครื่องระบบปฏิบัติการ Android 7.1', 'เครื่องปรินท์สติ๊กเกอร์', '\"หน่วยจ่ายกลางเป็นหน่วยงานที่สำคัญหน่วยงานหนึ่งในโรงพยาบาลพยาบาล เป็นศูนย์กลางการจัดการรวบรวมอุปกรณ์ทางการแพทย์ที่ใช้งานแล้ว เข้าสู่กระบวนการทำลายเชื้อและการทำให้ปราศจากเชื้อก่อโรคที่ปนเปื้อน ก่อนนำไปใช้ในการตรวจรักษาผู้ป่วย จึงเกี่ยวข้องกับความปลอดภัยของ', 25, 'Off', '', 000, ''),
(030, '2023-11-02', 1, 'รับทราบ', 'รับทราบและยอมรับ', 'เครื่องปรับปรุงคุณภาพอากาศ Fresh Air 100% เพื่อให้ห้องสะอาดเสมือน Clean Room แบบ Monobloc (Protective Environment)', 'รวมคอยล์ร้อน และคอยล์เย็นอยู่ภายในเครื่องเดียวกัน สามารถควบคุมคุณภาพอากาศ ได้แก่ อุณหภูมิ ความชื้นสัมพัทธ์ PM2.5 และคาร์บอนไดออกไซด์, เติมอากาศบริสุทธิ์จากอากาศภายนอก (Fresh Air Intake) ', 'ติดตั้งอยู่ภายนอกห้อง และจ่ายลมเย็นเข้าสู่ห้องผ่านกริวเท่านั้น ควบคุมด้วยรีโมทแบบมีสาย', 'ตัวเครื่องอยู่นอกห้อง และจ่ายลมเย็นเข้าสู่ห้องผ่านกริวเท่านั้น ควบคุมด้วยรีโมทแบบมีสาย', 'สมาร์ทรีโมทเป็นรีโมทแบบมีสายไปที่ตัวเครื่อง และมีหน้าจอสั่งงานและแสดงผล', '\r\n', 26, 'Off', '', 000, ''),
(031, '2023-11-02', 4, 'รับทราบ', 'รับทราบและยอมรับ', 'Autonomous Intelligent Recognition Sensor Node ', 'อุปกรณ์เซนเซอร์รู้จำบริบทแบบอัตโนมัติ  ที่ทางทีมวิจัยพัฒนาขึ้นสามารถตรวจวัดอิริยาบท (นอน นั่ง ยืน เดิน เป็นต้น) ท่านอน  ข้อมูลดัชนีกิจกรรม (activity index)  และ การล้ม มีการประมวลผลการตรวจวัดบนอุปกรณ์และส่งข้อมูลออกไปยังโปรแกรมแอพพลิเคชั่นผ่านตัวรับสัญญาณ', 'เป็นวงจร embedded มาพร้อมแท่นชาร์จ เมื่อชาร์จแบตแล้วสามารถเปิดใช้งานได้เลย  เมื่อวางอุปกรณ์บนแท่นชาร์จเซนเซอร์จะหยุดส่งสัญญาณ', 'ในอาคารที่มีตัวรับสัญญาณติดตั้งอยู่ หรือส่งสัญญาณไปเซริฟเว่อร์ผ่าน โทรศัพท์มือถือ', 'แท่นชาร์จ USB', '', 27, 'Off', '', 000, ''),
(032, '2023-11-02', 4, 'รับทราบ', 'รับทราบและยอมรับ', 'Pre-Sense System', '\"ระบบต้นแบบระบบเซนเซอร์สำหรับการเฝ้าระวังเชิงป้องกันในกลุ่มผู้ป่วยในและผู้สูงอายุเป็น เว็ปแอพพลิเคชั่น ที่ใช้ร่วมกับ  ฮับ (hub) และ อุปกรณ์เซนเซอร์ซึ่งสามารถตรวจวัดการเคลื่อนไหวท่าทางอิริยาบถของผู้สวมใส่เซนเซอร์ ท่านอน การล้ม  ระบบจะระบุตำแหน่งที่เกิดเหตุ', '\"ระบบปฏิบัติการ: Linux Ubuntu\r\nสถานที่: AWS Cloud server\"', 'ใช้งานได้ทั้งภายใน และนอกอาคาร ซึ่งการใช้งานจำเป็นต้องติดตั้งตัวรับสัญญาณบลูทูธ เพื่อทำการรับสัญญาณ และส่งข้อมูลให้ซอร์ฟแวร์ทำการประมวลผล', 'อุปกรณ์ตัวรับสัญญาณบลูทูธ  (เช่น Raspberry Pi)', 'ปัจจุบันทางบริษัทเอเมทเวิร์คส์ จำกัด (สำนักงานใหญ่)  ได้ทำสัญญาถ่ายทอดเทคโนโลยี (license) “ระบบสำหรับบันทึก วิเคราะห์ข้อมูลความเสี่ยงในการเกิดอุบัติเหตุหรือต้องการความช่วยเหลือจากสัญญาณเซนเซอร์แบบต่อเนื่อง และ การแจ้งเตือนตามเวลาจริง” จากสำนักงานพัฒนาวิทย', 27, 'Off', '', 000, ''),
(033, '2023-11-02', 1, 'รับทราบ', 'รับทราบและยอมรับ', 'NB IoT Controller for Smart Street Light', '\"อุปกรณ์ควบคุมโคมไฟถนนอัจฉริยะ ระยะไกล (NB IoT Controller for Smart Street Light) เป็นผลมาจากการวิจัยและพัฒนาโดยการออกแบบ Smart Controller ออกแบบวงจรภาคการจ่ายไฟและการใช้งานแพลตฟอร์มโคมไฟอัจฉริยะ จนได้เป็นผลิตภัณฑ์ที่ใช้ควบคุมโคมไฟถนนระยะไกล ผ่านโครงข่าย ', 'ติดตั้งในโคมไฟถนน LED', 'ภายนอกอาคาร', 'รายละเอียดของ Software หัวข้อที่ต้องการทดสอบจะส่ง email ให้ค่ะ', 'ผลการทดสอบ Software นี้เป็นส่วนหนึ่งของการขอขึ้นบัญชีนวัตกรรมไทยค่ะ', 28, 'Off', '', 000, ''),
(034, '2023-11-02', 4, 'รับทราบ', 'รับทราบและยอมรับ', 'แท่นเสาให้สารน้ำพร้อมระบบสั่งการด้วยเสียง', 'เป็นอุปกรณ์ที่ให้สารน้ำที่ใช้กับชุดผ่าตัดส่องกล้องข้อเข่า ช่องท้อง และข้อไหล่ โดยมีแพทย์เฉพาะด้านเป็นผู้ใช้งานเท่านั้น ออกแบบให้รับคำสั่งเสียงและมีป้อนข้อมูลการใช้งานบนหน้าจอ LCD มีแหล่งพลังงานเป็นแบตเตอรี่ แรงดันไม่เกิน 24V มี Cover ป้องกันกลไกการเคลื่อน', 'บอร์ดไมโครคอนโทรลเลอร์ STM32 ที่มีหน่วยปะมวลผล ARM-coretexM 32-bit', 'ภายในห้องผ่าตัดมาตรฐาน', 'Switching ชาร์จแบตเตอรี่', 'ภาชนะในการบรรจุน้ำเป็นสแตนเลส 316L ', 29, 'Off', '', 000, ''),
(035, '2023-11-02', 1, 'รับทราบ', 'รับทราบและยอมรับ', 'SCADA', 'Operator & Report', 'ip address', 'ในอาคาร', 'notebook', '', 30, 'Off', '', 000, ''),
(036, '2023-11-02', 1, 'รับทราบ', 'รับทราบและยอมรับ', 'SCADA', 'การแสดงผลข้อมูลที่ operate จากเครื่องจักร', 'การเรียกใช้งานผ่าน IP ADDRESS', 'ในอาคาร', 'notebook', '', 30, 'Off', '', 000, ''),
(037, '2023-11-02', 1, 'รับทราบ', 'รับทราบและยอมรับ', 'Clever Math', 'แบบฝึกหัดระดับ ป.4-ป.6 บนมือถือ ในรูปแบบ Gamification โดยมีระบบช่วยเหลือและลดภาระงานของคุณครู เช่น ระบบการติดตามนักเรียน, ให้การบ้าน, ให้รางวัล, ดูสถิติ, ทำวิทยฐานะ  เป็นต้น', '\"โปรแกรมการทำแบบฝึกหัดบนมือถือ สำหรับนักเรียน: Android and iOS\r\nโปรแกรมการทำแบบฝึกหัดบนคอมพิวเตอร์ สำหรับนักเรียน: Windows\r\nระบบช่วยเหลือและลดภาระงาน สำหรับคุณครู: Web alpha.clevermath.app\"', 'เครือข่ายคอมพิวเตอร์', 'มือถือAndroid, ios หรือคอมพิวเตอร์ Windows', '\r\n', 30, 'Off', '', 000, ''),
(038, '2023-11-02', 4, 'รับทราบ', 'รับทราบและยอมรับ', 'Shoulder joint rehabilitation monitoring', 'เครื่องทดสอบสมรรถภาพข้อไหล่ โดยการวัดองศาข้อไหล่ ขณะฝึกกายภาพบำบัด เป็นอุปกรณ์ติดตามผลการฟื้นฟูของข้อไหล่ จากองศาข้อไหล่ที่สามารถประมาณด้วยเทคนิคการวัดค่าแบบไม่สัมผัส โดยใช้การประมวลผลภาพดิจิตอลจากภาพการใช้งานอุปกรณ์กระตุ้นการฟื้นฟูข้อไหล่', '\"1) เชื่อมต่อหน้าจอแสดงผลกับผลิตภัณฑ์หลัก (ส่วนประมวลผล)\r\n2) เชื่อมต่อกล้องบันทึกภาพกับผลิตภัณฑ์หลัก\r\n3) เชื่อมต่อสวิตซ์กับอะแดปเตอร์แปลงไฟ\r\n4) เชื่อมต่อสวิตซ์กับผลิตภัณฑ์หลัก\"', '\"Conditions for Usage\r\n• อุณหภูมิ: 10℃ ถึง 40℃\r\n• ความชื้นสัมพัทธ์: < 70 %\r\n• ความดันบรรยากาศ: 70 – 106 kPa\r\nConditions for Storage and Transportation\r\n• อุณหภูมิ: 5℃ ถึง 45℃\r\n• ความชื้นสัมพัทธ์: < 70 %\r\n• ความดันบรรยากาศ: 70 – 106 kPa\"', '\"- Raspberry Pi เป็นส่วนประมวลผลภาพ และ โปรแกรมหลักของการทำงานวัดมุมองศาข้อไหล่\r\n- กล้อง Webcam เป็นส่วนการบันทึกภาพการบริหารข้อไหล่ของอาสาสมัคร เข้าสู่ Raspberry Pi ผ่านช่อง USB\r\n- แป้นพิมพ์ เป็นส่วนรับค่าจากการพิมพ์เข้าสู่ Raspberry Pi ผ่านช่อง USB\r\n- เ', 'ผลิตภัณฑ์นี้สามารถใช้กับผู้ป่วยที่มีอาการไหล่ติด ผู้ใหญ่ และเด็กที่มีอายุมากกว่า 9 ปีขึ้นไป ที่มีความรู้เกี่ยวกับวิธีการกายภาพบำบัดด้วยอุปกรณ์การบริหารข้อไหล่ มีความสามารถในการตั้งค่าเป้าหมายในการฝึกฝน บันทึกค่าที่วัดได้ แสดงผลลัพธ์ย้อนหลัง ค่าเฉลี่ยและอั', 31, 'Off', '', 000, ''),
(039, '2023-11-02', 4, 'รับทราบ', 'รับทราบและยอมรับ', 'Knee Rehabilitation Monitoring', '\"อุปกรณ์ติดตามผลการฟื้นฟูข้อเข่า โดยมีการตรวจวัด แสดงผล และบันทึกสัญญาณไฟฟ้ากล้ามเนื้อและมุมองศาการเคลื่อนที่ของข้อเข่า ผลิตภัณฑ์นี้สามารถใช้กับผู้ป่วยที่มีอาการ\r\nบกพร่องเกี่ยวกับการเคลื่อนไหวของข้อเข่า ทั้งผู้ใหญ่และเด็กที่มีอายุมากกว่า 9 ปีขึ้นไป\"', '\"1) ดาวน์โหลดและลงโปรแกรมสำหรับแสดงผลและบันทึกผลการทำกายภาพบำบัด\r\n2) เชื่อมต่อตัวเครื่องกับคอมพิวเตอร์ด้วยสาย USB\r\n3) เชื่อมต่อสายอิเล็กโทรดทั้ง 2 ช่อง เข้ากับตัวเครื่อง\r\n4) เชื่อมต่อสายตัวตรวจวัดมุมองศาข้อเข่าเข้ากับตัวเครื่อง\r\n5) เชื่อต่อสาย Supply เข้า', '\"อุณหภูมิ 10 C ถึง 40 C \r\nความชื้นสัมพัทธ์ < 70 % < 70 %\r\nความดันบรรยากาศ 70 – 106 kPa \"', '\"- Electrode cable \r\n- Angle sensor \r\n- USB cable \r\n- Adapter\"', 'ผลิตภัณฑ์นี้ประกอบด้วยตัวเครื่องสำหรับตรวจวัด แสดงผล และบันทึกสัญญาณไฟฟ้ากล้ามเนื้อ อิเล็กโทรดและสายอิเล็กโทด ตัวตรวจวัดมุมองศาการเคลื่อนที่ของข้อเข่า สำหรับการแสดงผลของผลิตภัณฑ์นี้ประกอบด้วยข้อมูลส่วนตัวของผู้ใช้งาน ค่าเป้าหมายในการฝึกฝน สัญญาณไฟฟ้ากล้าม', 31, 'Off', '', 000, ''),
(040, '2023-11-02', 4, 'รับทราบ', 'รับทราบและยอมรับ', 'SMART BREATH', 'portable device for performing the breathing exercise', 'mobile device', '\"Optimum ambient temperature for measurement: +15 to +40 °C\r\nRelative humidity: 30-75%\r\nStorage: from +5°C to +45°C\r\nInternally powered device\r\nBF applicator\r\nProduct class II A\r\nThe device operating conditions mentioned above make it suitable for operati', '\"• Measuring module with a flow tube\r\n• BreathMAX\r\n• Mobile application\"', 'The main innovation of our system is a unique combination of measurement sensor, water bottle and mobile application. The water bottle is used to create pressure resistance. The mobile application contains peak detection algorithm. To in- crease airway se', 31, 'Off', '', 000, ''),
(041, '2023-11-02', 4, 'รับทราบ', 'รับทราบและยอมรับ', 'Lung Volume Monitoring Device from Using an Incentive Spirometer', 'อุปกรณ์ติดตามผลการฟื้นฟูของปริมาตรปอดที่สามารถประมาณปริมาตรปอดได้ด้วยเทคนิคการวัดค่าแบบไม่สัมผัส โดยใช้การประมวลผลภาพดิจิตอลจากภาพการใช้งานอุปกรณ์กระตุ้นการฟื้นฟูปริมาตรปอด', '\"1) เชื่อมต่อกล้องบันทึกภาพกับผลิตภัณฑ์หลัก\r\n2) เชื่อมต่อสวิตซ์เข้ากับอะแดปเตอร์แปลงไฟ\r\n3) เชื่อมต่อสวิตซ์เข้ากับผลิตภัณฑ์หลัก\r\n4) ประกอบ Triflow เข้ากับกรอบบรรจุ Triflow\"', '\"▪ Operation : 10°C to 40 °C ; Humidity: < 70% RH (no condensation)\r\n▪ Storage and Transportation : 5°C to 45 °C ; Humidity: < 70% RH (no condensation)\r\n▪ Atmospheric pressure range : 70-106 kPa (both for operation and storage)\"', '\"1) กล้องบันทึกภาพ\r\nSpirometer Threeflow Respirotory Exercise\r\nModel : A1\r\nInstruction Manual 01 : Revision 00 Date: 22 September 2020 Page 4 / 19\r\n2) อแดปเตอร์แปลงไฟฟ้า\r\n3) สาย USB type-C\r\n4) 3D printing สำหรับติดตั้ง Triflow\"', 'ผลิตภัณฑ์นี้สามารถใช้กับผู้ป่วยที่มีอาการปอดแฟบ ผู้ใหญ่ และเด็กที่มีอายุมากกว่า 9 ปีขึ้นไป ที่มีความรู้เกี่ยวกับวิธีการกายภาพบำบัดด้วยอุปกรณ์กระตุ้นการฟื้นฟูปริมาตรปอด มีความสามารถในการตั้งค่าเป้าหมายในการฝึกฝน บันทึกค่าที่วัดได้ แสดงผลลัพธ์ย้อนหลัง ค่าเฉ', 31, 'Off', '', 000, ''),
(042, '2023-11-02', 2, 'รับทราบ', 'รับทราบและยอมรับ', 'WIOT1018', 'กล้องวงจรปิดแบบ IP Camera ที่ใช้ Mobile Application ควบคุมการทำงาน ', 'ภายในอาคาร', 'ภายใน', 'อแดปเตอร์', '', 32, 'Off', '', 000, ''),
(043, '2023-11-02', 1, 'รับทราบ', 'รับทราบและยอมรับ', 'โปรแกรมสำเร็จรูป (Puzzle GPP25D6 Version 1.2) ควบคุมเครื่องจักรกลจอดรถอัตโนมัติระบบยกและเลื่อน รุ่น 1.2', '\"โปรแกรมสำเร็จรูปสำหรับควบคุมเครื่องจักรกลจอดรถอัตโนมัติ ระบบยกและเลื่อน (Lift and Slide or Puzzle Type) จำนวน 25 คัน ความสูง 6 ชั้น พัฒนาขึ้นใหม่เพื่อเพิ่ม\r\n1.ความน่าเชื่อถือของระบบ (More Reliability) ลดปัญหาความไม่เสถียร (Bud Eliminate) มีระบบการตรวจสอบ', 'เขียนใน PLC และใช้ควบคุมเครื่องจักรกลจอดรถอัตโนมัติรุ่น Vertical Puzzle Type', 'ด้านหน้าอาคารจอดรถด้วยเครื่องจักรกลจอดรถอัตโนมัติรุ่น Vertical Puzzle Type', 'HMI, Limit Switch, Photo Sensor, Magnetic Contactor, Motor', '\r\n', 33, 'Off', '', 000, ''),
(044, '2023-11-02', 2, 'รับทราบ', 'รับทราบและยอมรับ', 'WIO1018', 'กล้องวงจรปิดแบบไร้สาย', 'iOS , Android ด้วย App Watashi iOT', 'ภายในอาคาร', 'iOS , Android ด้วย App Watashi iOT', '\r\n', 32, 'Off', '', 000, ''),
(045, '2023-11-02', 4, 'รับทราบ', 'รับทราบและยอมรับ', 'เครื่องช่วยหายใจเพื่อใช้ในการเคลื่อนย้ายผู้ป่วย และในโรงพยาบาลสนามสำหรับผู้ป่วยโรคโควิด19', 'เครื่องช่วยหายใจเพื่อใช้ในการเคลื่อนย้ายผู้ป่วย สามารถปรับ อัตราการหายใจ ความดันขณะหายใจเข้า หายใจออก และปริมาตรของอากาศได้', 'ทำงานบน microcontroller บนระบบไฟฟ้า 12 volt จากภายนอก และมีแบตเตอรี่ภายใน', 'ในรถพยาบาล และในโรงพยาบาลสนาม', 'แหล่งจ่ายไฟฟ้าทางการแพทย์  ระบบท่อลมทางการแพทย์ ', '\r\n', 34, 'Off', '', 000, ''),
(046, '2023-11-02', 4, 'รับทราบ', 'รับทราบและยอมรับ', 'surasole', 'ใช้ตรวจวัดแรงกดบนฝ่าเท้า รูปแบบการเดินหรือการเปลี่ยนแปลงแรงกดบนฝ่าเท้าขณะเดิน', 'บนระบบ ปฎิบัติการ android', 'ในอาคาร ', 'BLE 4, โทรศัพท์มือถือ และ tablet iระบบ android', '\r\n', 35, 'Off', '', 000, ''),
(047, '2023-11-02', 3, 'รับทราบ', 'รับทราบและยอมรับ', 'NetkaView Logger / NLG-SW', 'ใช้เก็บ log ที่เกิดจากระบบคอมพิวเตอร์', 'ติดตั้งใช้งานบน Linux บนเครื่องคอมพิวเตอร์แบบเซอร์เวอร์', 'ติดตั้งใช้งานภายในอาคารที่มีระบบหล่อเย็น เช่นในห้อง data center', '4vCPU, 8G memory, 500G SSD', 'ส่งรายละเอียดเพิ่มเติมไปให้ใน email    service_squat@nectec.or.th', 36, 'Off', '', 000, ''),
(048, '2023-11-02', 4, 'รับทราบ', 'รับทราบและยอมรับ', 'Smartphone-based Fluorescence Detector', 'Smartphone-based fluorescence detector เป็นอุปกรณ์การอ่านค่าการเรืองแสง (fluorescence) ของตัวอย่างทางชีววิทยา หรือตัวอย่างทางการแพทย์ โดยประกอบไปด้วยตัวเครื่อง และ ซอฟแวร์ในการอ่านค่าและเก็บข้อมูล  อุปกรณ์นี้ต้องใช้ร่วมกับโทรศัพท์มือถือในการตรวจสอบตัวอย่า', 'ตัวซอฟแวร์ใช้กับระบบ android', 'ใช้ในที่ใดก็ได้ที่มีการเข้าถึงอินเตอร์เน็ต', 'ใช้ร่วมกับโทรศัพท์มือถือ (smartphone)', 'ทีมวิจัยได้หารือกับทางสำนักงานอย.แล้ว ประเมินว่าอุปกรณ์นี้ถือว่าเป็น medical device class I และได้รับคำแนะนำให้ติดต่อ NECTEC เพื่อขอทดสอบและรับรองมาตรฐาน IEC 62304  ตามที่คุยกับดร.ฝนทางโทรศัพท์ ทางทีมอยากทราบว่าการทดสอบมีกระบวนการคล่าวๆอย่างไรบ้าง ทางทีมว', 37, 'Off', '', 000, ''),
(049, '2023-11-02', 1, 'รับทราบ', 'รับทราบและยอมรับ', 'KidSize รุ่น ESTEC 1.0', '\"คุณลักษณะเฉพาะของผลงานนวัตกรรมที่จะปรากฏในบัญชีนวัตกรรมไทย  “เครื่องชั่งน้ำหนักและวัดส่วนสูง”\r\n 1) 	ชั่งน้ำหนักได้สูงสุด 150 กิโลกรัม ความละเอียด 0.1 กิโลกรัม					\r\n 2) 	การวัดส่วนสูงเริ่มต้นที่ 70 เซนติเมตร สูงสุดที่ 200 เซนติเมตร						\r\n 3) 	เซ็นเซอร์ก', 'ดาวโหลดแอปพลิเคชันบนมือถือ KidSize   แอนดรอยด์ เวอร์ชัน ตั้งแต่ 4.0 เป็นต้นไป', 'เชื่อมต่อข้อมูลผ่าน bluetooth กับแอปพลิเคชันบนมือถือ KidSize สำหรับแสดงผลข้อมูลและควบคุมการทำงานของเครื่อง', 'รองรับแอนดรอยด์ เวอร์ชัน ตั้งแต่ 4.0 เป็นต้นไป', '', 38, 'Off', '', 000, ''),
(050, '2023-11-02', 1, 'รับทราบ', 'รับทราบและยอมรับ', 'AquaTrek', 'ลู่วิ่งในน้ำอัตโนมัติสำหรับผู้ป่วย-ผู้สูงอายุ ที่สามารถสั่งการผ่านทาง software พร้อมการเก็บข้อมูลบน cloud', '\"ลู่ติดตั้งบนอาคารต้องรับน้ำหนักที่กำหนดได้\r\nมีการเดินท่อน้ำเข้าออก\r\nSoftware Preinstall from factory\"', 'ใช้ในอาคาร มีความชื้น', 'ต่อกับระบบปั๊มน้ำ ระบบให้ความร้อน ระบบฉีดคลอรีน มีแท็งค์สำหรับเก็บและหมุนเวียนน้ำเพื่อใช้ในระบบ', '\r\n', 39, 'Off', '', 000, ''),
(051, '2023-11-02', 5, 'รับทราบ', 'รับทราบและยอมรับ', 'metropay', 'บันทึกประวัติพนักงาน, คำนวนเงินเดือน, คำนวนค่าล่วงเวลา, คำนวนภาษี, ลงเวลาเข้า-ออก ผ่านมือถือ', 'Android, IOS, Cloud', 'ผ่านเครือข่ายมือถือ, ผ่านเครือข่ายอินเตอร์เน็ต', 'Android, IOS', '', 40, 'Off', '', 000, ''),
(052, '2023-11-02', 4, 'รับทราบ', 'รับทราบและยอมรับ', 'CT & DR', '\"เครื่องเอกซเรย์คอมพิวเตอร์ \r\n- 3 มิติ : เครื่องเอ็กซเรย์คอมพิวเตอร์สามมิติทางทันตกรรม(DentiiScan 2.0) \r\n- 2 มิติ : เครื่องเอกซเรย์ดิจิทัลสำหรับถ่ายทรวงอก (ฺBodiiRay S) และชุดแปลงเอกซเรย์เป็นดิจิทัล (BodiiRay R) \"', 'โรงพยาบาล', 'ส่วนใหญ่ติดตั้งภายในอาคาร', 'เครื่องคอมพิวเตอร์, UPS เป็นต้น ', 'อ้างอิง ผลงานวิจัยเด่น, ผลงาน/นวัตกรรมรับมือโควิด-19 และการถ่ายทอดผลงานวิจัยสู่ภาคเอกชน', 41, 'Off', '', 000, ''),
(053, '2023-11-02', 4, 'รับทราบ', 'รับทราบและยอมรับ', 'NAPD V.3', 'เครื่องล้างไตทางช่องท้องแบบอัตโนมัติ', 'Arduino Firmware, Android', 'ใช้ในห้องนอน', 'Embedded device', '', 6, 'Off', '', 000, ''),
(054, '2023-11-02', 1, 'รับทราบ', 'รับทราบและยอมรับ', 'ระบบจัดการหน่วยจ่ายกลาง (Innovative CSSD Platform)', 'ระบบกาารบริหารจัดการข้อมูลหน่วยจ่ายกลางในโรงพยาบาล สามารถบันทึกข้อมูลการทำงานตั้งแต่กระบวนการรับอุปกรณ์จากหน่วยงานในโรงพยาบาล บันทึกฆ่าเชื้ออุปกรณ์ ปรินท์สติ๊กเกอร์กำกับอุปกรณ์ รายงานของระบบ', 'ติดตั้งแบบ stand alone และใช้งานระบบในเครื่องได้', 'ในอาคาร', 'เครื่องปรินท์สติ๊กเกอร์', '', 25, 'Off', '', 000, ''),
(055, '2023-11-02', 4, 'รับทราบ', 'รับทราบและยอมรับ', 'Inspectra CXR ', 'ซอฟท์แวร์ปัญญาประดิษฐ์ที่ช่วยแพทย์ในการวินิจฉัยโรคจากภาพถ่ายรังสีทรวงอก', '\"ระบบปัญญาประดิษฐ์ทั้งหมดของอินสเป็คทราจะประมวลผลภาพบนคลาวด์\r\nโดยแพทย์สามารถเข้าใช้ระบบของอินสเป็คทราได้ทันทีผ่านเว็บแอพลิเคชัน หรือผ่านการเชื่อมต่อกับระบบสารสนเทศของโรงพยาบาล\"', 'ระบบปัญญาประดิษฐ์ทั้งหมดของอินสเป็คทราจะประมวลผลภาพบนคลาวด์', 'ระบบปัญญาประดิษฐ์ทั้งหมดของอินสเป็คทราจะประมวลผลภาพบนคลาวด์', '\r\n', 42, 'Off', '', 000, ''),
(056, '2023-11-02', 3, 'รับทราบ', 'รับทราบและยอมรับ', 'ซอฟแวร์ระบบเก็บรักษาข้อมูลจราจรทางคอมพิวเตอร์ DLOG GATEWAY Version 1.1.6', 'เก็บรักษาข้อมูลจราจรทางคอมพิวเตอร์ ตามพระราชบัญญัติ', 'ติดตั้งเข้ากับระบบอินเตอร์เน็ตขององค์กร', 'เครือข่ายคอมพิวเตอร์ ภายในอาคาร ', 'internet router และ switch hub พร้อมคอมพิวเตอร์ Core i3 HDD 1TB RAM 8 GB ', '\r\n', 18, 'Off', '', 000, ''),
(057, '2023-11-02', 5, 'รับทราบ', 'รับทราบและยอมรับ', 'IP Camera', '----------------------', '-------------------------', '---------------------', '----------------', '-----------------------', 43, 'Off', '', 000, ''),
(058, '2023-11-02', 1, 'รับทราบ', 'รับทราบและยอมรับ', 'CODE IoT BoX', 'ส่งสัญญาณ และควบคุมการทำงานของอุปกรณ์ ', 'ระบบ Cloud computing', 'ใน และนอก อาคาร', 'Sensor CCTV', '', 44, 'Off', '', 000, ''),
(059, '2023-11-02', 5, 'รับทราบ', 'รับทราบและยอมรับ', 'jitarsa/navy1', 'agriculture drone ขนาดถังน้ำยา ๑๐ ลิตร', 'ระบบปฏิบัติการ OPEN PILOT CC3D / BETAFLIGHT', 'นอกอาคาร พื้นที่การเกษตร', 'ระบบVTX 5.8GHZตราอักษร foxeer razer /foxeer HD android Application', 'ระบบควบคุมวิทยุตราอักษร เครื่องส่ง flysky รุ่น fs-i6x เครื่องรับ flysky รุ่น fs-X6B', 45, 'Off', '', 000, ''),
(060, '2023-11-02', 4, 'รับทราบ', 'รับทราบและยอมรับ', 'ChestVibe', 'เครื่องมือสั่นสะเทือน แบบไร้สาย วางบนร่างกายของผู้ป่วย เพื่อทำให้เสมหะคลายความเหนียวข้น และเคลื่อนที่สู่ทางเดินหายใจภายนอก ทำงานแบบ ไร้สาย มีชุดตัวรับสัญญาณ โดยสามารถสั่งจาก controller หรือ สั่งการผ่านระบบ application ผ่านทางโทรศัพท์มือถือ tablet ระบบ iOS', 'เครื่องเป็นลักษณะ mobile ระบบควบคุมการทำงานและประมวลผลที่ใช้ไมโครโปรเซสเซอร์หรือไมโครคอนโทรลเลอร์ที่มีการฝังโปรแกรมชุดคำสั่งอยู่ภายใน เชื่อมต่อสื่อสารแบบไร้สายตามมาตรฐานไออีอีอี802.11 (IEEE802.11) ', 'สามารถใช้งานภายในโรงพยาบาล หรือที่บ้าน เครื่องข่าย wifi ใดก็ได้', 'มีแบตเตอรี่ทั้งในลักษณะการเสียบปลั๊กระหว่างการใช้งาน หรือระบบชารจ์ประจุไฟฟ้า ', '', 46, 'Off', '', 000, ''),
(061, '2023-11-02', 4, 'รับทราบ', 'รับทราบและยอมรับ', 'SuraPodo', 'ใช้ตรวจวัดแรงกดบนฝ่าเท้า รูปแบบการเดินหรือการเปลี่ยนแปลงแรงกดบนฝ่าเท้าขณะเดิน', 'บนระบบ ปฎิบัติการ android', 'ในอาคาร ', 'BLE 4, โทรศัพท์มือถือ และ tablet iระบบ android', '\r\n', 35, 'Off', '', 000, ''),
(062, '2023-11-02', 2, 'รับทราบ', 'รับทราบและยอมรับ', 'JARTON', 'Testing ผลิตภัณฑ์/แอปพลิเคชั่น เพื่อขอรับรองสำหรับ PDPA ในกลุ่มของอุปกรณ์สมาร์โฮม ของแบรนด์ JARTON', 'แอปพลิเคชั่นของ JARTON เช่น JARTON Home', 'ใช้งานบน Web Application และ Mobile Application', 'Web Application บนเบราว์เซอร์ และ Mobile Application บนสมาร์ทโฟน', '\r\n', 47, 'Off', '', 000, ''),
(063, '2023-11-02', 1, 'รับทราบ', 'รับทราบและยอมรับ', 'HandySense version 1.0 ', '\"เป็นอุปกรณ์ IoT \r\n- ที่รับคำสั่งการสั่งการทำงานผ่านบน Web App \r\n- ที่จะนำคำสั่งมาประมวลผลเอง บนบอร์ด \"', 'ฟาร์มหรือโรงเรือนของเกษตกร', 'นอกอาคาร', 'Sensor วัด Temp&Hum, Lux, Soil และ ปั้มน้ำ, พัดลม, หลอดไฟ  ', '\r\n', 48, 'Off', '', 000, ''),
(064, '2023-11-02', 4, 'รับทราบ', 'รับทราบและยอมรับ', 'Smart-botbed เตียงพลิกตะแคงแบบบานเฟี้ยมป้องกันแผลกดทับ (Smart-botbed V.1))', 'เตียงผู้ป่วยพลิกตะแคงแบบบานเฟี้ยมป้องกันแผลกดทับ', 'ติดตั้งประกอบควบรวมกับตัวเตียง', 'ภายในอาคาร', 'ใช้ตัวควบคุมแบบ PLC', '', 22, 'Off', '', 000, ''),
(065, '2023-11-02', 4, 'รับทราบ', 'รับทราบและยอมรับ', 'Intra oral scanner', 'เครื่องมือสำหรับสแกนตรวจสอบฟันหรือสภาพในช่องปากเป็นภาพ 3 มิติ ', 'การติดตั้งเป็นแบบ standard alone ', 'ใช้ในอาคาร ห้องคลินิกทันตกรรม สำหรับทำด้านทันตกรรม  ', 'เชื่อมกับคอมพิวเตอร์ ', '', 49, 'Off', '', 000, ''),
(066, '2023-11-02', 4, 'รับทราบ', 'รับทราบและยอมรับ', 'ซอฟต์แวร์บอดีเรย์สำหรับเครื่องเอกซเรย์ดิจิทัล', 'เครื่องเอกซเรย์ดิจิทัลให้ภาพเอกซเรย์ 2 มิติ \"เครื่อง BodiiRay\" เพื่อช่วยในการคัดกรองและวินิจฉัยโรคในอวัยวะต่าง ๆ ของร่างกาย เช่น ทรวงอก, ช่องท้อง, กระดูกต่าง ๆ เป็นต้น ได้อย่างรวดเร็ว แม่นยำ และปลอดภัย สามารถแสดงผลภาพเอกซเรย์ได้ทันที ซอฟต์แวร์ใช้งานง่าย ร', '\"ระบบปฏิบัติการ Window\r\nสถานที่ : โรงพยาบาล\"', 'ติดตั้งภายในอาคาร ตามรายละเอียดเอกสารในระบบ ISO 13485 \"I-NS-XRAY-304\" คู่มือการติดตั้งเครื่อง BodiiRay', 'ชุดคอมพิวเตอร์ (Computer set) หรือ Notebook และ UPS ', '\r\n', 41, 'Off', '', 000, ''),
(067, '2023-11-02', 1, 'รับทราบ', 'รับทราบและยอมรับ', 'Smart OPD, Smart Queue', '\"Smart OPD ระบบปฏิบัติการแผนกผู้ป่วยนอกอัจฉริยะ วัด vitalsign ไม่ว่าจะเป็นน้ำหนัก,ส่วนสูง และอุณหภูมิ ระบบสามารถส่งต่อข้อมูลไปยัง HIS ได้ทันที\r\nSmart Queue ระบบจัดการคิวอัจฉริยะ สามารถตรวจสอบสิทธิ, เปิดบัตรจากตู้คิว และสามารถแยกประเภทผู้ป่วยได้ตามต้องการ ', '\"Smart OPD \r\n- ติดตั้งบนระบบปฏิบัติการ windows 7 ขึ้นไป\r\n- สถานที่ที่ติดตั้งคือจุดคัดกรองผู้ป่วยนอก หรืออาจใช้ภายในแต่ละแผนก หรือคลินิกก็ได้\r\n- อุปกรณ์ในระบบจะมีเครื่องวัดส่วนสูง, เครื่องวัดน้ำหนัก และเครื่องวัดอุณหภูมิที่ถูกประกอบรวมมาเป็นชิ้นเดียว\r\nSmar', '\"Smart OPD ต้องติดตั้งภายในอาคารเท่านั้น และมีการเข้าถึงฐานข้อมูลของโรงพยาบาลผ่านระบบ LAN หรือ WIFI \r\nSmart Queue ต้องติดตั้งภายในอาคารเท่านั้น ส่วนจอเรียกคิวก็ติดตั้งตามจุดบริการต่างๆ ตามแต่โรงพยาบาลกำหนด และมีการเข้าถึงฐานข้อมูลของโรงพยาบาลผ่านระบบ LAN ', '\"Smart OPD \n- สาย LAN หรือ WIFI เพื่อเชื่อมต่อระบบเข้ากับเครื่อข่ายของโรงพยาบาล\n- ปลั๊กไฟ 2 จุด เพื่อจ่ายไฟให้กับระบบ\n- UPS มีขนาดไม่น้อยการ 1000VA 2 ตัว สำหรับเครื่องชั่ง และเครื่องวัดความดัน\nSmart Queue\n- สาย LAN หรือ WIFI เพื่อเชื่อมต่อตู้แจกคิว, ', '', 50, 'Off', '65', 001, ''),
(068, '2023-11-02', 1, 'รับทราบ', 'รับทราบและยอมรับ', 'xPack logManager', 'ซอฟต์แวร์เก็บรักษาข้อมูลจราจรทางคอมพิวเตอร์', 'ติดตั้งบนระบบปฎิบัติการ Linux โดยใช้เทคโนโลยี Container', 'ติดตั้งซอฟต์แวร์ในเครื่องเซิฟเวอร์ ใน Data Center', '2 Core 3GHz Xeon(R) with Hyperthreading, 16 GB Ram, 4TB HDD,  Gigabit Ethernet ', '\r\n', 51, 'Off', '65', 002, ''),
(069, '2023-11-02', 1, 'รับทราบ', 'รับทราบและยอมรับ', 'Gold Gateway', 'แอปพลิเคชั่นสำหรับการซื้อ/ขายทองคำแบบ real time เป็น market place สำหรับซื้อ/ขายทองคำและจิวเวอรี่ ออนไลน์ มีกระเป๋าเงินเพื่อใช้สำหรับการเติมเงินเข้า account เพื่อใช้สำหรับการซื้อขายต่างๆ', '\"Mobile: iOS 10 ขึ้นไป / Android 6 ขึ้นไป\r\nBrowser: Google Chrome / Mozilla Firefox / Safari / Microsoft Edge\"', 'เครือข่ายคอมพิวเตอร์', '\"โทรศัพท์มือถือ: Samsung Galaxy S9+\r\niPhone 7\r\niPhone 7+\"', '\r\n', 52, 'Off', '65', 003, ''),
(070, '2023-11-02', 4, 'รับทราบ', 'รับทราบและยอมรับ', 'หุ่นยนต์ช่วยฝึกการเดินแบบสวมใส่', 'หุ่นยนต์ช่วยฝึกเดินประกอบไปด้วย 4 ส่วนหลัก คือ เครื่องพยุงน้ำหนักของผู้ป่วย (Body weight support, \"W\") หุ่นยนต์ช่วยเดินแบบสวมใส่ (Exoskeleton robot, \"X\") ลู่วิ่งสายพาน (Treadmill, \"T\") และ ส่วนควบคุมและแสดงผล (Graphical user interface, \"UI\") ผู้ป่วยจะอยู่', 'ระบบปฎิบัติการ WINDOWS PC', 'ในอาคาร', 'ไม่มี', 'รายละเอียดเพิ่มเติมส่งไปในอีเมล', 53, 'Off', '65', 004, ''),
(071, '2023-11-03', 4, 'รับทราบ', 'รับทราบและยอมรับ', 'RadiiView', '\"RadiiView-DentiiCloud: Cloud-based viewer and Teleconsultation หมายถึง คลาวด์แอปพลิเค-\r\nชันที่ถูกออกแบบและพัฒนามาเพื่อรองรับข้อมูลภาพจากเครื่องเอกซเรย์คอมพิวเตอร์ DentiiScan,\r\nเครื่องเอกซเรย์คอมพิวเตอร์แบบเคลื่อนย้ายได้ MobiiScan และเครื่องดิจิทัลเอกซ์เร', 'ตามรายละเอียดเอกสาร วิธีการปฏิบัติงาน เรื่อง คู่มือการใช้งานเครื่องบอดีเรย์เอส และซอฟต์แวร์บอดีเรย์ (I-NS-XRAY-614)', 'ตามรายละเอียดเอกสาร วิธีการปฏิบัติงาน เรื่อง คู่มือการใช้งานเครื่องบอดีเรย์เอส และซอฟต์แวร์บอดีเรย์ (I-NS-XRAY-614)', 'ตามรายละเอียดเอกสาร วิธีการปฏิบัติงาน เรื่อง คู่มือการใช้งานเครื่องบอดีเรย์เอส และซอฟต์แวร์บอดีเรย์ (I-NS-XRAY-614)', '', 41, 'Off', '65', 005, ''),
(072, '2023-11-03', 4, 'รับทราบ', 'รับทราบและยอมรับ', 'DTIVC1', 'เครื่องให้สารละลายทางหลอดเลือดดำใช้หลักแรงโน้มถ่วงและซอฟต์แวร์ควบคุทระยะการบีบสายสารละลายและเครื่องติดตามการทำงานแบบไร้สายโดยใช้ LoRaWan และ Bluetooth', 'หอผู้ป่วยและห้องทำงานกลางแพทย์และพยาบาล', 'ในอาคาร ในรถพยาบาล มีการเคลื่อนย้ายอุปกรณ์พร้อมผู้ป่วย', 'เครื่องให้สารละลายทางหลอดเลือดดำที่มีแบตเตอรี่ สามารถทำงานโดยไม่เชื่อมต่อกับแหล่งจ่ายไฟฟ้าในอาคาร ใช้กับชุด you v ทั่วไปได้', '', 54, 'Off', '65', 006, ''),
(073, '2023-11-03', 1, 'รับทราบ', 'รับทราบและยอมรับ', '-------------------------', '\"     ซอฟต์เเวร์สำหรับควบคุมเเละติดตามสถานะของเวชภัณฑ์ปลอดเชื้อที่ใช้ในสถานพยาบาล\r\nสามารถเเสดงถึง สถานะของเวชภัณฑ์เเต่ละชิ้นเช่น กำลังใช้งาน เก็บอยู่ในคลัง กำลังเข้ากระบวนการทำให้ปราศจากเชื้อ หรืออยู่ระหว่างการขนส่ง โดยระบบจะให้กรอกข้อมูลของผู้ปฏิบัติงานท', 'ใช้บนคอมพิวเตอร์ ในห้องปฎิบัติการ หรือผ่านweb browser บนมือถือเเละเเทปเลต', 'ใช้ได้ทุกพื้นที่ที่มีสัญญาณคลื่นไร้สาย', '\"1.ZEBRA DS2200 series handheld imagers (scanner)\r\n2.BIXOLON SLP-TX400 4 inch Thermal Transfer Desktop Label Printer\"', '\r\n', 55, 'Off', '', 000, ''),
(074, '2023-11-03', 3, 'รับทราบ', 'รับทราบและยอมรับ', 'ซอฟต์แวร์เก็บรักษาข้อมูลจราจรทางคอมพิวเตอร์ Softnix Logger  รุ่น 6.1.9', '\"วิธีการรับข้อมูล \r\n- syslog TCP\r\nประเภทของข้อมูลจราจรทางคอมพิวเตอร์ที่จัดเก็บได้\r\n- ข้อมูลจราจรทางคอมพิวเตอร์ จากการต่อเชื่อมเข้าถึงระบบเครือข่าย\r\n- ข้อมูลจราจรทางคอมพิวเตอร์ จากเครื่องผู้ให้บริการจดหมายอิเล็กทรอนิกส์\r\n- ข้อมูลจราจรทางคอมพิวเตอร์ จากการโ', 'ติดตั้งแบบ Appliance รายละเอียดขั้นต่ำ คือ CPU Intel, AMD Xeon Server 32,64 bit supported  Memory ไม่ต่ำกว่า 2 GB/ไม่เกิน 1-5 Unit Client (ระบบต้นทาง)  HDD ไม่ต่ำกว่า 100GB/Log ไม่เกิน 1-5 Device (ระบบต้นทาง)', 'ในอาคาร', 'ติดตั้งแบบ Appliance รายละเอียดขั้นต่ำ คือ CPU Intel, AMD Xeon Server 32,64 bit supported  Memory ไม่ต่ำกว่า 2 GB/ไม่เกิน 1-5 Unit Client (ระบบต้นทาง)  HDD ไม่ต่ำกว่า 100GB/Log ไม่เกิน 1-5 Device (ระบบต้นทาง)', '\r\n', 56, 'Off', '', 000, ''),
(075, '2023-11-07', 1, 'รับทราบ', 'รับทราบและยอมรับ', 'Test', 'Test', 'Test', 'Test', 'Test', 'Test', 1, 'Off', '', 000, ''),
(076, '2023-11-07', 3, 'รับทราบ', 'รับทราบและยอมรับ', 'test', 'test', 'test', 'test', 'test', 'test', 1, 'Off', '', 000, ''),
(077, '2023-11-07', 3, 'รับทราบ', 'รับทราบและยอมรับ', 'testasdadasdadasd', 'testasdadasdadad', 'testdadsadadadasdada', 'testasdasdadad', 'sdasdasdasdasd', 'asddddddddddddddddsaasdas', 57, 'Off', '', 000, ''),
(078, '2023-11-07', 3, 'รับทราบ', 'รับทราบและยอมรับ', 'test', 'test', 'test', 'test', 'test', 'test', 57, 'Off', '', 000, ''),
(079, '2023-11-07', 3, 'รับทราบ', 'รับทราบและยอมรับ', 'test', 'test', 'test', 'test', 'test', 'test', 57, 'Off', '', 000, ''),
(080, '2023-11-07', 3, 'รับทราบ', 'รับทราบและยอมรับ', 'test', 'test', 'test', 'test', 'test', 'test', 57, 'Off', '', 000, ''),
(081, '2023-11-07', 3, 'รับทราบ', 'รับทราบและยอมรับ', 'Teat', 'Teat', 'Teat', 'Teat', 'Teat', 'Teat', 1, 'Off', '', 000, ''),
(082, '2023-11-07', 3, 'รับทราบ', 'รับทราบและยอมรับ', 'Teat', 'Teat', 'Teat', 'Teat', 'Teat', 'Teat', 1, 'Off', '', 000, ''),
(083, '2023-11-07', 3, 'รับทราบ', 'รับทราบและยอมรับ', 'test', 'test', 'test', 'test', 'test', '', 1, 'Off', '', 000, ''),
(084, '2023-11-07', 3, 'รับทราบ', 'รับทราบและยอมรับ', 'test', 'test', 'test', 'test', 'test', '', 1, 'Off', '', 000, ''),
(085, '2023-11-07', 3, 'รับทราบ', 'รับทราบและยอมรับ', 'Test', 'Test', 'Test', 'Test', 'Test', '', 1, 'Off', '', 000, ''),
(086, '2023-11-09', 3, 'รับทราบ', 'รับทราบและยอมรับ', 'gggggg', 'ggggggggggggggg', 'gggggggggggggggggggggggggggg', 'gggggggggggggggg', 'ggggggggggggg', '', 1, 'Off', '', 000, ''),
(087, '2023-11-09', 2, 'รับทราบ', 'รับทราบและยอมรับ', 'ggggggggggggggggggggggg', 'gggggggggggggg', 'ggggggggggg', 'ggggggggggg', 'ggggggggggg', 'ggggggggggggg', 1, 'Off', '', 000, ''),
(088, '2023-11-09', 1, 'รับทราบ', 'รับทราบและยอมรับ', '11111111111', '1111111111111', '1111111111111', '1111111111111111111111111111', '111111111111', '11111111111111111111111111111111', 1, 'Off', '', 000, ''),
(089, '2023-11-10', 1, 'รับทราบ', 'รับทราบและยอมรับ', 'ggggggggggggg', 'gggggggggg', 'gggggggggg', 'ggggggggggggggggggggggggggggg', 'gggggggggggggggg', 'gggggggggggggggggg', 1, 'Off', '', 000, ''),
(090, '2023-11-10', 1, 'รับทราบ', 'รับทราบและยอมรับ', 'vvvvvvvvvvvvvvvv', 'vvvvvvvvvvv', 'vvvvvvvvvvvv', 'vvvvvvvvvvvvvvvvvvvvvvvvvvv', 'vvvvvvvvvvvvvvv', 'vvvvvvvvvvvvvvvvvvv', 1, 'Off', '', 000, ''),
(091, '2023-11-13', 1, 'รับทราบ', 'รับทราบและยอมรับ', 'ssssssssssssss', 'ssssssssssss', 'sssssssss', 'ssssssssss', 'sssssssss', '', 1, 'Off', '', 000, ''),
(092, '2023-11-13', 1, 'รับทราบ', 'รับทราบและยอมรับ', 'dddddddddddd', 'dddddddddddd', 'dddddddddddddddddddd', 'dddddddddddd', 'dddddddddddddddddddddddddddddddd', '', 1, 'Off', '', 000, ''),
(093, '2023-11-13', 1, 'รับทราบ', 'รับทราบและยอมรับ', 'ZZZZZZZZZ', 'ZZZZZZZZZZZZZZZZZZZZZZZZZZZZZZ', 'ZZZZZZZZZZZZZZ', 'ZZZZZZZZZZZZZZZZZZZZZZZZZZZZZ', 'ZZZZZZZZZZZZZZZZ', '', 1, 'Off', '', 000, ''),
(094, '2023-11-13', 1, 'รับทราบ', 'รับทราบและยอมรับ', 'ssssssssssssssssss', 'sssssssssssssssssssssssssssssss', 'sssssssssss', 'ssssssssssss', 'sssssssssss', '', 1, 'Off', '', 000, ''),
(095, '2023-11-13', 1, 'รับทราบ', 'รับทราบและยอมรับ', 'ssssssssssssssssss', 'sssssssssssssssssssssssssssssss', 'sssssssssss', 'ssssssssssss', 'sssssssssss', '', 1, 'Off', '', 000, ''),
(096, '2023-11-16', 3, 'รับทราบ', 'รับทราบและยอมรับ', 'test', 'test', 'test', 'test', 'test', '', 1, 'Off', '', 000, ''),
(097, '2023-11-16', 1, 'รับทราบ', 'รับทราบและยอมรับ', 'test', 'test', 'test', 'test', 'test', '11', 1, 'Off', '11', 000, ''),
(098, '2023-11-16', 1, 'รับทราบ', 'รับทราบและยอมรับ', 'gggggggggggggg', 'ggggggggggg', 'ggggggggggggg', 'ggggggggggggggggggggggggggg', 'gggggggggggg', 'gggggggggggggggggg', 1, 'Off', '67', 000, ''),
(099, '2023-11-16', 1, 'รับทราบ', 'รับทราบและยอมรับ', 'ffffffffffffff', 'fffffffffff', 'ffffffffffff', 'ffffffffffff', 'fffffffffff', 'ffffffffffffffffffff', 1, 'Off', '67', 000, ''),
(100, '2023-11-16', 1, 'รับทราบ', 'รับทราบและยอมรับ', 'ttttttttttttttttttt', 'tttttttttttttttttttttt', 'tttttttttttttttt', 'tttttttttttttttttt', 'tttttttttttttttt', 'ttttttttttttttttttttt', 1, 'Off', '34', 000, ''),
(101, '2023-11-16', 1, 'รับทราบ', 'รับทราบและยอมรับ', 'vvvvvvvvvvvvvv', 'vvvvvvvvvvvvvvv', 'vvvvvvvvvvvvvv', 'vvvvvvvvvvvvvvv', 'vvvvvvvvvvvvvvvvvvvvvvvvvvv', 'vvvvvvvvvvvvvvv', 1, 'Off', '67', 035, ''),
(102, '2023-11-17', 1, 'รับทราบ', 'รับทราบและยอมรับ', 'test', 'test', 'test', 'test', 'test', 'test', 1, 'Off', '67', 004, ''),
(103, '2023-11-17', 1, 'รับทราบ', 'รับทราบและยอมรับ', 'ttttttttttttttttttttttttt', 'tttttttttt', 'ttttttttttttttttt', 'ttttttttttttttt', 'tttttttttttttttttttttttttttt', 'tttttttttttttttt', 1, 'Off', '67', 000, ''),
(104, '2023-11-17', 2, 'รับทราบ', 'รับทราบและยอมรับ', 'tttttttttttt', 'tttttttttttt', 'tttttttttttt', 'tttttttttttttttttttttttttt', 'ttttttttttttttt', 'tttttttttttttttttttttttttttttt', 1, 'Off', '67', 006, 'R67-006'),
(105, '2023-11-17', 1, 'รับทราบ', 'รับทราบและยอมรับ', 'ccccccccccc', 'ccccccccccccccccccccccccccccccccc', 'cccccccccccccc', 'cccccccccc', 'cccccccccccccccc', 'cccccccccccccccccc', 1, 'Off', '67', 007, 'R67-007'),
(106, '2023-11-17', 1, 'รับทราบ', 'รับทราบและยอมรับ', 'fffffffffffffffffffffffffffffffffffffffffffffffffff', 'ffffffffffffffffffffffffff', 'fffffffffffffffffffffffffffffff', 'ffffffffffffffffffffffffffffffffff', 'ffffffffffffffffff', 'ffffffffffff', 1, 'Off', '67', 008, 'R67-008'),
(107, '2023-11-17', 1, 'รับทราบ', 'รับทราบและยอมรับ', '55555555555555555555', '555555555555555555555555', '555555555555555555', '5555555555555555555555555555', '555555555555555555', '55555555555555555555555', 1, 'Off', '67', 009, 'R67-009'),
(108, '2023-11-17', 1, 'รับทราบ', 'รับทราบและยอมรับ', 'hhhhhhhhhhhhhhhh', 'hhhhhhhhhhhhhh', 'hhhhhhhhhhhhhhhhhhhhhhhhhhh', 'hhhhhhhhh', 'hhhhhhhhhh', 'hhhhhhhhhhhhhhhhhhhhhhhhhhhhhhh', 1, 'Off', '67', 010, 'R67-0010'),
(109, '2023-11-17', 1, 'รับทราบ', 'รับทราบและยอมรับ', '77hhhhhhhhhhhhh', '7777', 'hhhhhhhhhhhhhh', 'hhhhhhhhhhh', 'hhhhhhhhhhhh', 'hhhhhhhhhhhhhhhhhhhhhhhhhhhhhhh', 1, 'Off', '67', 011, 'R67-011'),
(110, '2023-11-17', 1, 'รับทราบ', 'รับทราบและยอมรับ', 'pppppppppppppp', 'ppppppppppppppppp', 'pppppppppppppppppppppppppppppppp', 'ppppppppppp', 'pppppppppppppppppppppppp', 'pppppppppppppppppppppppppp', 1, 'Off', '67', 012, 'R67-012'),
(111, '2023-11-17', 3, 'รับทราบ', 'รับทราบและยอมรับ', 'dddddddddd', 'ddddddddddd', 'dddddddddd', 'dddddddddd', 'ddddddddddddddddddddddddd', 'dddddddddddddddddddddddddddddd', 1, 'Off', '67', 013, 'R67-013'),
(112, '2023-11-17', 1, 'รับทราบ', 'รับทราบและยอมรับ', 'sssssssssssssssssssss', 'ssssssssssssssssssss', 'ssssssssssssssssss', 'ssssssssssssssssssssssssss', 'sssssssssssssssss', 'sssssssssssssssssssssssss', 1, 'Off', '', 000, ''),
(113, '2023-11-17', 1, 'รับทราบ', 'รับทราบและยอมรับ', ';;;;;lllllllllllllllllllllllll', 'lllllllllllllllll', 'llllllllllllllll', 'llllllllllll', 'lllllllllll', 'lllllllllllllllllllllllllllllll', 1, 'Off', '67', 014, 'R67-014'),
(114, '2023-11-17', 1, 'รับทราบ', 'รับทราบและยอมรับ', ']]]]][[[[[[[[[[[[[[[[[[[[[[[[[[ooooooooooooooo', 'ooooooooooooooo', 'oooooooooooo', 'ooooooooooooooooooooooooooo', 'oooooooooooooo', 'ooooooooooooooooo', 1, 'Off', '67', 015, 'R67-015'),
(115, '2023-11-17', 1, 'รับทราบ', 'รับทราบและยอมรับ', ']]]]][[[[[[[[[[[[[[[[[[[[[[[[[[ooooooooooooooo', 'ooooooooooooooo', 'oooooooooooo', 'ooooooooooooooooooooooooooo', 'oooooooooooooo', 'ooooooooooooooooo', 1, 'Off', '67', 016, 'R67-016'),
(116, '2023-11-17', 1, 'รับทราบ', 'รับทราบและยอมรับ', 'sssssssssssss', 'sssssssssss', 'sssssssssss', 'ssssssssss', 'ssssssssssssssssssssssssssss', 'ssssssssssssssss', 1, 'Off', '67', 017, 'R67-017'),
(117, '2023-11-17', 5, 'รับทราบ', 'รับทราบและยอมรับ', 'kooooooooooooooooo', 'ooooooooooooooo', 'ooooooooooooooooo', 'ooooooooooooo', 'oooooooooooooooooooooooooooo', 'ooooooooooooooooooooooo', 1, 'Off', '67', 018, 'R67-018'),
(118, '2023-11-17', 1, 'รับทราบ', 'รับทราบและยอมรับ', 'ggggggggggggg', 'gggggggggggggg', 'gggggggggg', 'gggggggggg', 'gggggggggggggggggggggggg', 'gggggggggggggggg', 1, 'Off', '67', 019, 'R67-019'),
(119, '2023-11-20', 1, 'รับทราบ', 'รับทราบและยอมรับ', 'Test', 'Test', 'Test', 'Test', 'Test', 'Test', 1, 'Off', '67', 020, 'R67-020'),
(120, '2023-12-14', 1, 'รับทราบ', 'รับทราบและยอมรับ', 'ggggggggggggg', 'ggggggggggg', 'ggggggggg', 'gggggggggg', 'gggggggggggggggggggggggggggg', 'gggggggggggggggg', 1, 'Off', '67', 021, 'R67-021'),
(121, '2023-12-14', 3, 'รับทราบ', 'รับทราบและยอมรับ', 'gggggggggggg', 'ggggggggggggg', 'gggggggggggg', 'ggggggggggggggggggggggggggg', 'gggggggggggggggggggggggggg', 'ggggggggggggggggggggggggg', 1, 'Off', '67', 022, 'R67-022'),
(122, '2023-12-14', 1, 'รับทราบ', 'รับทราบและยอมรับ', 'ggggggggggg', 'ggggggggggggggg', 'ggggggggggggggggggggggggggg', 'ggggggggggggg', 'gggggggggggg', 'ggggggggggggggggggggggg', 1, 'Off', '67', 023, 'R67-023'),
(123, '2023-12-15', 3, 'รับทราบ', 'รับทราบและยอมรับ', 'fffffffffffffffff', 'ffffffffffffffffff', 'fffffffffffffffff', 'ffffffffffffff', 'fffffffffffffffffffffffffffffff', 'fffffffffffffffffff', 1, 'Off', '67', 024, 'R67-024'),
(124, '2023-12-15', 1, 'รับทราบ', 'รับทราบและยอมรับ', 'ffffffff', 'ffffffffffff', 'ffffff', 'fffffffffffffffffffffffffffff', 'ffffffffffffffffffff', 'ffffffffffff', 1, 'Off', '67', 025, 'R67-025'),
(125, '2023-12-15', 1, 'รับทราบ', 'รับทราบและยอมรับ', 'dddddddddddd', 'dddddddddddddddd', 'dddddddddddddd', 'ddddddddddddddddddddddddddddd', 'ddddddddddddddddddddddddd', 'dddddddddddddddddddd', 1, 'Off', '67', 026, 'R67-026'),
(126, '2023-12-15', 1, 'รับทราบ', 'รับทราบและยอมรับ', 'dddddddddddd', 'dddddddddddddddd', 'dddddddddddddd', 'ddddddddddddddddddddddddddddd', 'ddddddddddddddddddddddddd', 'dddddddddddddddddddd', 1, 'On', '67', 027, 'R67-027'),
(127, '2023-12-17', 1, 'รับทราบ', 'รับทราบและยอมรับ', 'lllllllllllllllllllllllllll', 'llllllllllllllllllllllllllllllllllllllllll', 'lllllllllllllllllllll', 'lllllllllllllll', 'lllllllllllllllllllllllllllllllll', 'llllllllllllllllllll', 1, 'Off', '67', 028, 'R67-028'),
(128, '2023-12-18', 2, 'รับทราบ', 'รับทราบและยอมรับ', 'tttttttttttttttttt', 'ttttttttttttttt', 'ttttttttttttttttttttttttttt', 'ttttttttttttttttttttttt', 'tttttttttt', 'tttttttttttttttt', 1, 'Off', '67', 029, 'R67-029'),
(129, '2023-12-18', 3, 'รับทราบ', 'รับทราบและยอมรับ', 'yyyyyyyyyyy', 'yyyyyyyyyyyyy', 'yyyyyyyyyyy', 'yyyyyyyyyy', 'yyyyyyyyyyyyyyyyyyyyyyyyyy', 'yyyyyyyyyyyyyyy', 1, 'Off', '67', 030, 'R67-030'),
(130, '2023-12-18', 3, 'รับทราบ', 'รับทราบและยอมรับ', 'xxxxxxxxxx', 'xxxxxxxxxxxx', 'xxxxxxxxxxx', 'xxxxxxxxxxxxxxxxxxxxxx', 'xxxxxxxxxx', 'xxxxxxxxxxxxxxx', 1, 'Off', '67', 031, 'R67-031'),
(131, '2023-12-18', 1, 'รับทราบ', 'รับทราบและยอมรับ', 'fffffffffffffffffffff', 'fffffffffffff', 'fffffffffff', 'ffffffffffff', 'ffffffffffffffffffffffff', 'fffffffffffffffffffffffffffffffff', 1, 'Off', '67', 032, 'R67-032'),
(132, '2023-12-19', 1, 'รับทราบ', 'รับทราบและยอมรับ', 'jjjjjjjjjjjjjjjjjjj', 'jjjjjjjjjjjjjjjj', 'jjjjjjjjjjjjjjjjjjjjjjjjjjjjjjjj', 'jjjjjjjjjjjjjjjjjjjjjjj', 'jjjjjjjjjjjjjjjjjjj', 'jjjjjjjjjjjjjjjjjjjjjjjjjjjjjjj', 1, 'Off', '67', 033, 'R67-033'),
(133, '2023-12-22', 1, 'รับทราบ', 'รับทราบและยอมรับ', 'tttttttttttttttt', 'ttttttttttttt', 'tttttttttttt', 'ttttttttttttt', 'ttttttttttt', 'tttttttttttttttttttttt', 1, 'Off', '67', 034, 'R67-034'),
(134, '2023-12-25', 1, 'รับทราบ', 'รับทราบและยอมรับ', 'fffffffffffffffffffffffff', 'fffffffffffffffffffffffffff', 'ffffffffffffffff', 'ffffffffff', 'ffffffffff', 'ffffffffff', 1, 'Off', '67', 035, 'R67-035'),
(135, '2023-12-25', 1, 'รับทราบ', 'รับทราบและยอมรับ', 'aaaaaaaaaaaaaaaa', 'aaaaaaaaaa', 'aaaaaaaaa', 'aaaaaaaaa', 'aaaaaaa', 'aaaaaa', 1, 'Off', '67', 036, 'R67-036'),
(136, '2023-12-25', 1, 'รับทราบ', 'รับทราบและยอมรับ', 'xxxxxxxxxxxxxxxxxxx', 'xxxxxxxxx', 'xxxxxxxxxxxx', 'xxxxxxxxxx', 'xxxxxxxxx', 'xxxxxxxxx', 1, 'Off', '67', 037, 'R67-037'),
(137, '2023-12-27', 1, 'รับทราบ', 'รับทราบและยอมรับ', 'g', 'g', 'g', 'g', 'g', 'g', 1, 'Off', '67', 038, 'R67-038'),
(138, '2023-12-27', 1, 'รับทราบ', 'รับทราบและยอมรับ', '่่่่่่่่่่่่่่่่่่่่่่่่่่่้้้้้้้้้้้้ดดดดดดดด', 'ออออออออออออ', 'ดดดดดดดดดดดดดดดดดดดดดด', 'ดดดดดดดดดดด', 'ดดดดดดดดดดดดดดดดดดดดดดดดด', '', 1, 'Off', '67', 039, 'R67-039'),
(139, '2023-12-27', 1, 'รับทราบ', 'รับทราบและยอมรับ', 'หหหหห', 'หหหหหหหหหหหหห', 'หหหหหหหหหหหหหหหหหหหหหหหหหหหหหหห', 'หหหหหหหหหหห', 'หหหหหหหหห', '', 1, 'Off', '67', 040, 'R67-040'),
(140, '2023-12-29', 1, 'รับทราบ', 'รับทราบและยอมรับ', 'ddddddddd', 'dddddddddddd', 'dddddddddd', 'ddddddddddd', 'ddddddddddddddddddd', 'ddddddddddddddddd', 1, 'Off', '67', 041, 'R67-041'),
(141, '2023-12-29', 1, 'รับทราบ', 'รับทราบและยอมรับ', 'ffffffff', 'fffffffffff', 'ffffffffff', 'ffffffffffff', 'fffffffffffffffffff', 'fffffffffffffffffffffff', 1, 'Off', '67', 042, 'R67-042'),
(142, '2024-01-07', 1, 'รับทราบ', 'รับทราบและยอมรับ', 'ddddddd', 'dddddddddddd', 'dddddddddddddddddddddd', 'dddddddddddddddddddd', 'ddddddddd', 'dddddddddddddddddddd', 1, 'Off', '67', 043, 'R67-043'),
(143, '2024-01-07', 1, 'รับทราบ', 'รับทราบและยอมรับ', 'd', 'dddddddddddddddddd', 'dddddddddddddddd', 'dddddddddddddddddddddd', 'dddddddddddddd', 'dddddddddddddddddddddddddddddd', 1, 'Off', '67', 044, 'R67-044'),
(144, '2024-01-07', 1, 'รับทราบ', 'รับทราบและยอมรับ', 'ddddddddddd', 'dddddddddddddd', 'ddddddddd', 'ddddddddddd', 'dddddddddddd', 'dddddddddddddd', 1, 'Off', '67', 045, 'R67-045'),
(145, '2024-01-08', 1, 'รับทราบ', 'รับทราบและยอมรับ', 'หหหห', 'หหห', 'หหห', 'หหห', 'หหห', 'ป', 1, 'Off', '67', 046, 'R67-046'),
(146, '2024-01-08', 1, 'รับทราบ', 'รับทราบและยอมรับ', '11', '11', '1', 'เ', 'เ', 'เ', 1, 'Off', '67', 047, 'R67-047'),
(147, '2024-01-08', 1, 'รับทราบ', 'รับทราบและยอมรับ', 'เเเเเเเเ', 'เเเเเเเเเเเเ', 'เเเเเเเเเเเ', 'เเเเเเเเเเเ', 'เเเเเเเเเเเเเเเเเเเเเเเ', 'เเเเเเเเเเเเเเ', 1, 'Off', '67', 048, 'R67-048'),
(148, '2024-01-08', 1, 'รับทราบ', 'รับทราบและยอมรับ', '5555555', '5555555555555', '5555555555', '55555555555', '5555555555555', '555555555555555555555555555555555555', 1, 'Off', '67', 049, 'R67-049'),
(149, '2024-01-08', 1, 'รับทราบ', 'รับทราบและยอมรับ', 'ก', 'ก', 'ก', 'ก', 'ก', '', 1, 'Off', '67', 050, 'R67-050'),
(150, '2024-01-10', 1, 'รับทราบ', 'รับทราบและยอมรับ', '5', '5', '5', '5', '5', '', 1, 'Off', '67', 051, 'R67-051');

-- --------------------------------------------------------

--
-- Table structure for table `servicecondition`
--

CREATE TABLE `servicecondition` (
  `Service_Condition_ID` int(8) NOT NULL,
  `Service_Condition_Name` text NOT NULL
) ENGINE=InnoDB DEFAULT CHARSET=utf8 COLLATE=utf8_unicode_ci;

--
-- Dumping data for table `servicecondition`
--

INSERT INTO `servicecondition` (`Service_Condition_ID`, `Service_Condition_Name`) VALUES
(1, 'ในกรณีเข้ารับบริการทดสอบระบบเก็บรักษาข้อมูลจราจรทางคอมพิวเตอร์  (Computer log system) กรุณาชำระเงินภายใน 30 วัน นับจากบริษัทได้รับใบแจ้งหนี้จากศูนย์เทคโนโลยีอิเล็กทรอนิกส์และคอมพิวเตอร์แห่งชาติแล้ว'),
(2, 'ห้องปฏิบัติการทดสอบ ไม่รับผิดชอบกรณีตัวอย่างทดสอบ ไม่ว่าในส่วนการทำงานใด ๆ ทั้งในส่วน Hardware, Software และชิ้นส่วนประกอบ รวมถึงบรรจุภัณฑ์ เสียหายในระหว่างการทดสอบ หรือในระหว่างการนำส่งคืนทางบริการขนส่งพัสดุ (ในกรณีนำส่งคืนทางช่องทางบริการขนส่งพัสดุจะมีการคิดค่าใช้จ่ายในการดำเนินการ โดยระบุไว้ในใบแจ้งหนี้)s'),
(3, 'กรณีมีข้อสงสัยหรือส่งข้อมูลเพิ่มเติม  สามารถแจ้งได้ที่  email : service_squat@nectec.or.th งานวิศวกรรมซอฟต์แวร์และทดสอบผลิตภัณฑ์ (SEPT)  โทรศัพท์ : 0 2564 6900 ต่อ 2066 งานวิเคราะห์ตลาดและเทคโนโลยี (MIIT) โทรศัพท์ : 0 2564 6900 ต่อ 2383'),
(4, 'กรณีที่มีปัญหาหรือข้อร้องเรียน สามารถแจ้งได้ที่งานวิศวกรรมซอฟต์แวร์และทดสอบผลิตภัณฑ์ (SEPT) email : complaint_squat@nectec.or.th โทรศัพท์ : 0 2564 6900 ต่อ 2501                                                                                    '),
(5, 'กิจกรรมที่ห้องปฏิบัติการไม่ได้ดำเนินการเช่น การไม่แปลผล การไม่สุ่มตัวอย่าง การไม่จ้างเหมาช่วงการทดสอบ ความต้องการรายงาน Uncertainty'),
(33, '222'),
(37, '6ะ'),
(39, 'เ'),
(40, 't'),
(41, 'sssssssss'),
(42, 'sssssssss'),
(43, '0000'),
(44, '00000000'),
(45, '1\r\n'),
(46, 'เเเ');

-- --------------------------------------------------------

--
-- Table structure for table `status`
--

CREATE TABLE `status` (
  `Status_ID` int(8) NOT NULL,
  `Status_Name` varchar(255) NOT NULL
) ENGINE=InnoDB DEFAULT CHARSET=utf8 COLLATE=utf8_unicode_ci;

--
-- Dumping data for table `status`
--

INSERT INTO `status` (`Status_ID`, `Status_Name`) VALUES
(1, 'คำขอรับบริการทดสอบ1'),
(2, 'รายละเอียดการให้บริการทดสอบ'),
(34, '1111'),
(35, 'zzzz');

-- --------------------------------------------------------

--
-- Table structure for table `substatus`
--

CREATE TABLE `substatus` (
  `Sub_Status_ID` int(8) NOT NULL,
  `Sub_Status_Name` varchar(255) NOT NULL,
  `Status_ID` int(8) NOT NULL
) ENGINE=InnoDB DEFAULT CHARSET=utf8 COLLATE=utf8_unicode_ci;

--
-- Dumping data for table `substatus`
--

INSERT INTO `substatus` (`Sub_Status_ID`, `Sub_Status_Name`, `Status_ID`) VALUES
(20, 'ไไไ', 20),
(22, '00000000', 21),
(23, 'หห', 21),
(26, 'd', 24),
(28, 'ddd', 30),
(29, 'ddd', 30),
(47, '1111', 1),
(59, '000', 32),
(61, 'xsada', 0),
(69, 'ddd', 0),
(90, 'sdsd', 1),
(91, 'หหหห', 1),
(92, '0\r\n', 33),
(93, '8', 35),
(94, '111', 1);

-- --------------------------------------------------------

--
-- Table structure for table `uploadfile`
--

CREATE TABLE `uploadfile` (
  `File_ID` int(6) NOT NULL,
  `File_Upload` varchar(255) NOT NULL,
  `Date_Up` datetime NOT NULL DEFAULT current_timestamp(),
  `Service_ID` int(11) NOT NULL,
  `ServiceRequestID` varchar(10) NOT NULL
) ENGINE=InnoDB DEFAULT CHARSET=utf8 COLLATE=utf8_unicode_ci;

--
-- Dumping data for table `uploadfile`
--

INSERT INTO `uploadfile` (`File_ID`, `File_Upload`, `Date_Up`, `Service_ID`, `ServiceRequestID`) VALUES
(1, '0.1.jpg', '2023-11-01 16:11:10', 1, '0'),
(2, '001.jpg', '2023-11-01 16:19:39', 2, '0'),
(3, '1blog.jpg', '2023-11-01 16:20:37', 3, '0'),
(4, '', '2023-11-01 16:22:13', 4, '0'),
(5, '', '2023-11-01 16:24:19', 5, '0'),
(6, '', '2023-11-01 16:27:06', 6, '0'),
(7, '', '2023-11-01 16:31:27', 1, '0'),
(8, '0.3.jpg', '2023-11-02 08:59:11', 1, '0'),
(9, '', '2023-11-02 08:59:56', 2, '0'),
(10, '', '2023-11-02 09:00:12', 3, '0'),
(11, '', '2023-11-02 09:39:43', 4, '0'),
(12, '', '2023-11-02 09:44:32', 5, '0'),
(13, '', '2023-11-02 09:47:59', 6, '0'),
(14, '', '2023-11-02 09:51:43', 7, '0'),
(15, '', '2023-11-02 09:55:12', 8, '0'),
(16, '', '2023-11-02 09:59:16', 9, '0'),
(17, '', '2023-11-02 10:02:35', 10, '0'),
(18, '', '2023-11-02 10:05:20', 11, '0'),
(19, '', '2023-11-02 10:34:33', 12, '0'),
(20, '', '2023-11-02 10:39:23', 13, '0'),
(21, '', '2023-11-02 10:52:26', 14, '0'),
(22, '', '2023-11-02 10:55:59', 15, '0'),
(23, '', '2023-11-02 11:06:55', 16, '0'),
(24, '', '2023-11-02 11:09:39', 17, '0'),
(25, '', '2023-11-02 11:14:06', 18, '0'),
(26, '', '2023-11-02 11:17:45', 19, '0'),
(27, '', '2023-11-02 11:26:12', 20, '0'),
(28, '', '2023-11-02 11:29:06', 21, '0'),
(29, '', '2023-11-02 11:31:47', 22, '0'),
(30, '', '2023-11-02 11:33:59', 23, '0'),
(31, '', '2023-11-02 11:36:04', 24, '0'),
(32, '', '2023-11-02 11:38:17', 25, '0'),
(33, '', '2023-11-02 11:41:03', 26, '0'),
(34, '', '2023-11-02 11:43:23', 27, '0'),
(35, '', '2023-11-02 11:45:34', 28, '0'),
(36, '', '2023-11-02 11:48:11', 29, '0'),
(37, '', '2023-11-02 11:50:12', 30, '0'),
(38, '', '2023-11-02 11:55:28', 31, '0'),
(39, '', '2023-11-02 13:34:24', 32, '0'),
(40, '', '2023-11-02 13:36:46', 33, '0'),
(41, '', '2023-11-02 13:42:45', 34, '0'),
(42, '', '2023-11-02 13:44:52', 35, '0'),
(43, '', '2023-11-02 13:46:04', 36, '0'),
(44, '', '2023-11-02 13:48:35', 37, '0'),
(45, '', '2023-11-02 14:10:56', 38, '0'),
(46, '', '2023-11-02 14:12:51', 39, '0'),
(47, '', '2023-11-02 14:14:14', 40, '0'),
(48, '', '2023-11-02 14:15:32', 41, '0'),
(49, '', '2023-11-02 14:30:11', 42, '0'),
(50, '', '2023-11-02 14:33:19', 43, '0'),
(51, '', '2023-11-02 14:40:43', 44, '0'),
(52, '', '2023-11-02 14:51:32', 45, '0'),
(53, '', '2023-11-02 14:53:41', 46, '0'),
(54, '', '2023-11-02 14:56:50', 47, '0'),
(55, '', '2023-11-02 15:00:47', 48, '0'),
(56, '', '2023-11-02 15:02:58', 49, '0'),
(57, '', '2023-11-02 15:45:22', 50, '0'),
(58, '', '2023-11-02 15:47:53', 51, '0'),
(59, '', '2023-11-02 15:50:41', 52, '0'),
(60, '', '2023-11-02 15:53:17', 53, '0'),
(61, '', '2023-11-02 15:55:35', 54, '0'),
(62, '', '2023-11-02 15:58:40', 55, '0'),
(63, '', '2023-11-02 16:21:10', 56, '0'),
(64, '', '2023-11-02 16:27:42', 57, '0'),
(65, '', '2023-11-02 16:33:42', 58, '0'),
(66, '', '2023-11-02 16:36:21', 59, '0'),
(67, '', '2023-11-02 16:38:42', 60, '0'),
(68, '', '2023-11-02 16:41:06', 61, '0'),
(69, '', '2023-11-02 16:43:06', 62, '0'),
(70, '', '2023-11-02 16:45:38', 63, '0'),
(71, '', '2023-11-02 16:48:15', 64, '0'),
(72, '', '2023-11-02 16:50:22', 65, '0'),
(73, '', '2023-11-02 16:52:21', 66, '0'),
(74, '', '2023-11-02 16:55:39', 67, '0'),
(75, '', '2023-11-02 16:57:39', 68, '0'),
(76, '', '2023-11-02 16:59:57', 69, '0'),
(77, '', '2023-11-02 17:01:54', 70, '0'),
(78, '', '2023-11-03 09:22:11', 71, '0'),
(79, '', '2023-11-03 09:24:33', 72, '0'),
(80, '', '2023-11-03 09:27:40', 73, '0'),
(81, '', '2023-11-03 09:55:01', 74, '0'),
(82, '', '2023-11-07 14:28:03', 75, '0'),
(83, '', '2023-11-07 15:02:08', 76, '0'),
(84, '', '2023-11-07 15:32:32', 77, '0'),
(85, '', '2023-11-07 15:34:48', 78, '0'),
(86, '', '2023-11-07 15:35:19', 79, '0'),
(87, '', '2023-11-07 15:35:52', 80, '0'),
(88, '', '2023-11-07 15:47:28', 81, '0'),
(89, '', '2023-11-07 15:48:25', 82, '0'),
(90, '', '2023-11-07 15:52:26', 83, '0'),
(91, '', '2023-11-07 15:52:33', 84, '0'),
(92, '', '2023-11-07 16:26:20', 85, '0'),
(93, '', '2023-11-09 13:44:54', 86, '0'),
(94, '1.1.jpg', '2023-11-09 15:10:18', 87, '0'),
(95, '1001725.jpg', '2023-11-09 15:12:23', 88, '0'),
(96, '', '2023-11-10 13:48:28', 89, '0'),
(97, '', '2023-11-10 13:50:26', 90, '0'),
(98, '', '2023-11-13 16:36:41', 91, '0'),
(99, '', '2023-11-13 16:51:15', 92, '0'),
(100, '', '2023-11-13 22:07:31', 93, '0'),
(101, '', '2023-11-13 22:27:45', 94, '0'),
(102, '', '2023-11-13 23:11:13', 95, '0'),
(103, '', '2023-11-16 10:22:19', 96, '0'),
(104, '', '2023-11-16 10:52:38', 97, '0'),
(105, '', '2023-11-16 13:26:00', 98, '0'),
(106, '', '2023-11-16 14:21:05', 99, '0'),
(107, '', '2023-11-16 14:45:26', 100, '0'),
(108, '', '2023-11-16 14:48:30', 101, '0'),
(109, '', '2023-11-17 10:33:30', 102, '0'),
(110, '', '2023-11-17 11:25:39', 103, '0'),
(111, '', '2023-11-17 11:37:11', 104, '0'),
(112, '1.1.jpg', '2023-11-17 11:53:56', 105, '0'),
(113, '1.1.jpg', '2023-11-17 11:55:28', 106, '0'),
(114, '1blog.jpg', '2023-11-17 12:03:17', 107, '0'),
(115, '1.1.jpg', '2023-11-17 12:04:34', 108, '0'),
(116, '2.png', '2023-11-17 12:08:37', 109, '0'),
(117, '2.png', '2023-11-17 12:10:52', 110, '0'),
(118, '4165.jpg', '2023-11-17 12:13:26', 111, '0'),
(119, '0.3.jpg', '2023-11-17 13:04:22', 112, '0'),
(120, '1blog.jpg', '2023-11-17 13:07:07', 113, '0'),
(121, '271387455_3061945494070082_3167203912093554153_n.jpg', '2023-11-17 13:17:49', 115, '0'),
(122, 'nail.jpg', '2023-11-17 13:19:27', 116, '0'),
(123, '1blog.jpg', '2023-11-17 13:25:34', 117, '0'),
(124, '316990158_1437305070012994_5078420186823651360_n.png', '2023-11-17 13:28:58', 118, '0'),
(125, '1blog.jpg', '2023-11-20 15:14:02', 119, '0'),
(126, '001.jpg', '2023-12-14 15:24:19', 120, '0'),
(127, '1.1.jpg', '2023-12-14 15:24:34', 120, '0'),
(128, '0.3.jpg', '2023-12-14 15:27:52', 121, '0'),
(129, '4165.jpg', '2023-12-14 15:31:18', 122, '0'),
(130, '0.3.jpg', '2023-12-15 13:00:50', 123, '0'),
(131, '1.1.jpg', '2023-12-15 16:00:38', 124, '0'),
(132, '1.1.jpg', '2023-12-15 16:14:46', 1, '0'),
(133, '1.1.jpg', '2023-12-15 16:22:47', 122, '0'),
(134, '1187422.jpg', '2023-12-15 16:31:10', 126, 'R67-027'),
(135, '001.jpg', '2023-12-15 16:40:58', 126, ''),
(136, '316990158_1437305070012994_5078420186823651360_n.png', '2023-12-17 20:23:33', 126, ''),
(137, '1.1.jpg', '2023-12-17 20:45:22', 126, ''),
(138, '1blog.jpg', '2023-12-17 22:05:03', 126, ''),
(139, '1.2.jpg', '2023-12-17 22:05:31', 127, 'R67-028'),
(140, '392939151_853796683413272_7521100728747915476_n.jpg', '2023-12-18 16:18:16', 128, 'R67-029'),
(141, 'images.png', '2023-12-18 16:19:41', 129, 'R67-030'),
(142, '11900057_154335744904573_3398706017695079499_n.jpg', '2023-12-18 16:21:34', 130, 'R67-031'),
(143, '001.jpg', '2023-12-18 16:21:48', 130, ''),
(144, '0.3.jpg', '2023-12-18 16:28:15', 130, ''),
(145, '09.1.jpg', '2023-12-18 16:29:06', 130, ''),
(146, 'images.png', '2023-12-18 16:29:51', 0, ''),
(147, '11900057_154335744904573_3398706017695079499_n.jpg', '2023-12-18 16:41:49', 131, 'R67-032'),
(148, '1.2.jpg', '2023-12-18 16:43:29', 131, ''),
(149, '0.3.jpg', '2023-12-19 14:32:52', 1, ''),
(150, '0.2.jpg', '2023-12-19 14:33:17', 132, 'R67-033'),
(151, '1.png', '2023-12-22 09:45:59', 133, 'R67-034'),
(152, '0.2.jpg', '2023-12-25 10:06:03', 134, 'R67-035'),
(153, '0.2.jpg', '2023-12-25 11:18:35', 135, 'R67-036'),
(154, '0.3.jpg', '2023-12-25 11:19:09', 136, 'R67-037'),
(155, '0.3.jpg', '2023-12-26 11:42:33', 1, ''),
(156, '0.2.jpg', '2023-12-27 11:46:15', 137, 'R67-038'),
(157, '', '2023-12-27 13:18:42', 139, 'R67-040'),
(158, '0.3.jpg', '2023-12-29 19:03:55', 1, ''),
(159, '1.2.jpg', '2023-12-29 19:28:39', 140, 'R67-041'),
(160, '0.2.jpg', '2023-12-29 19:30:18', 141, 'R67-042'),
(161, '75.1.jpg', '2023-12-29 20:19:24', 1, ''),
(162, '1.1.jpg', '2023-12-29 20:20:30', 1, ''),
(163, '09.2.jpg', '2023-12-29 20:20:58', 1, ''),
(164, '1.2.jpg', '2023-12-29 20:21:13', 4, ''),
(165, '70.1.jpg', '2023-12-29 20:21:54', 1, ''),
(166, '0.3.jpg', '2023-12-29 21:25:32', 1, ''),
(167, '64.2.jpg', '2023-12-29 21:25:39', 1, ''),
(168, '1.2.jpg', '2024-01-07 21:31:39', 1, ''),
(169, '1.1.jpg', '2024-01-07 21:34:11', 142, 'R67-043'),
(170, '001.jpg', '2024-01-07 21:34:32', 143, 'R67-044'),
(171, '1.2.jpg', '2024-01-07 21:35:21', 144, 'R67-045'),
(172, '0.3.jpg', '2024-01-07 21:35:41', 144, ''),
(173, '2.2.jpg', '2024-01-07 21:51:29', 1, ''),
(174, '0.3.jpg', '2024-01-07 22:25:43', 1, ''),
(175, '001.jpg', '2024-01-08 09:08:52', 145, 'R67-046'),
(176, '1.1.jpg', '2024-01-08 10:48:08', 146, 'R67-047'),
(177, '0.3.jpg', '2024-01-08 13:44:52', 147, 'R67-048'),
(178, '1.1.jpg', '2024-01-08 13:46:16', 148, 'R67-049'),
(179, '001.jpg', '2024-01-08 14:46:47', 149, 'R67-050'),
(180, '001.jpg', '2024-01-10 09:51:29', 2, ''),
(181, '', '2024-01-10 10:03:20', 150, 'R67-051'),
(182, '0.1.jpg', '2024-01-10 10:03:38', 150, '');

-- --------------------------------------------------------

--
-- Table structure for table `uploadfileemail`
--

CREATE TABLE `uploadfileemail` (
  `Email_ID` int(11) NOT NULL,
  `Email_Name` varchar(100) NOT NULL,
  `File` varchar(100) NOT NULL
) ENGINE=InnoDB DEFAULT CHARSET=utf8 COLLATE=utf8_unicode_ci;

--
-- Dumping data for table `uploadfileemail`
--

INSERT INTO `uploadfileemail` (`Email_ID`, `Email_Name`, `File`) VALUES
(0, '16232031@aru.ac.th', '001.jpg'),
(0, 'test@gmail.com', '0.1.jpg'),
(0, '16232031@aru.ac.th', '0.3.jpg'),
(0, '16232031@aru.ac.th', '0.3.jpg'),
(0, 'การเเจ้งเตือน', '002.jpg'),
(0, '16232031@aru.ac.th', '1.2.jpg');

--
-- Indexes for dumped tables
--

--
-- Indexes for table `customer`
--
ALTER TABLE `customer`
  ADD PRIMARY KEY (`Customer_ID`);

--
-- Indexes for table `masterproduct`
--
ALTER TABLE `masterproduct`
  ADD PRIMARY KEY (`Masterproduct_ID`);

--
-- Indexes for table `masterproductmulti`
--
ALTER TABLE `masterproductmulti`
  ADD PRIMARY KEY (`Masterproduct_Multi_ID`),
  ADD KEY `Service_ID` (`Service_ID`);

--
-- Indexes for table `masterproducttest`
--
ALTER TABLE `masterproducttest`
  ADD PRIMARY KEY (`Masterproduct_Test_ID`),
  ADD KEY `masterproduct` (`Masterproduct_ID`);

--
-- Indexes for table `master_budgetyear`
--
ALTER TABLE `master_budgetyear`
  ADD PRIMARY KEY (`BudgetID`);

--
-- Indexes for table `secretcondition`
--
ALTER TABLE `secretcondition`
  ADD PRIMARY KEY (`Secret_Condition_ID`);

--
-- Indexes for table `service`
--
ALTER TABLE `service`
  ADD PRIMARY KEY (`Service_ID`);

--
-- Indexes for table `servicecondition`
--
ALTER TABLE `servicecondition`
  ADD PRIMARY KEY (`Service_Condition_ID`);

--
-- Indexes for table `status`
--
ALTER TABLE `status`
  ADD PRIMARY KEY (`Status_ID`);

--
-- Indexes for table `substatus`
--
ALTER TABLE `substatus`
  ADD PRIMARY KEY (`Sub_Status_ID`);

--
-- Indexes for table `uploadfile`
--
ALTER TABLE `uploadfile`
  ADD PRIMARY KEY (`File_ID`);

--
-- AUTO_INCREMENT for dumped tables
--

--
-- AUTO_INCREMENT for table `customer`
--
ALTER TABLE `customer`
  MODIFY `Customer_ID` int(8) NOT NULL AUTO_INCREMENT, AUTO_INCREMENT=102;

--
-- AUTO_INCREMENT for table `masterproduct`
--
ALTER TABLE `masterproduct`
  MODIFY `Masterproduct_ID` int(8) NOT NULL AUTO_INCREMENT, AUTO_INCREMENT=48;

--
-- AUTO_INCREMENT for table `masterproductmulti`
--
ALTER TABLE `masterproductmulti`
  MODIFY `Masterproduct_Multi_ID` int(11) NOT NULL AUTO_INCREMENT, AUTO_INCREMENT=239;

--
-- AUTO_INCREMENT for table `masterproducttest`
--
ALTER TABLE `masterproducttest`
  MODIFY `Masterproduct_Test_ID` int(8) NOT NULL AUTO_INCREMENT, AUTO_INCREMENT=69;

--
-- AUTO_INCREMENT for table `master_budgetyear`
--
ALTER TABLE `master_budgetyear`
  MODIFY `BudgetID` int(4) NOT NULL AUTO_INCREMENT, AUTO_INCREMENT=29;

--
-- AUTO_INCREMENT for table `secretcondition`
--
ALTER TABLE `secretcondition`
  MODIFY `Secret_Condition_ID` int(8) NOT NULL AUTO_INCREMENT, AUTO_INCREMENT=36;

--
-- AUTO_INCREMENT for table `service`
--
ALTER TABLE `service`
  MODIFY `Service_ID` int(3) UNSIGNED ZEROFILL NOT NULL AUTO_INCREMENT, AUTO_INCREMENT=151;

--
-- AUTO_INCREMENT for table `servicecondition`
--
ALTER TABLE `servicecondition`
  MODIFY `Service_Condition_ID` int(8) NOT NULL AUTO_INCREMENT, AUTO_INCREMENT=47;

--
-- AUTO_INCREMENT for table `status`
--
ALTER TABLE `status`
  MODIFY `Status_ID` int(8) NOT NULL AUTO_INCREMENT, AUTO_INCREMENT=36;

--
-- AUTO_INCREMENT for table `substatus`
--
ALTER TABLE `substatus`
  MODIFY `Sub_Status_ID` int(8) NOT NULL AUTO_INCREMENT, AUTO_INCREMENT=95;

--
-- AUTO_INCREMENT for table `uploadfile`
--
ALTER TABLE `uploadfile`
  MODIFY `File_ID` int(6) NOT NULL AUTO_INCREMENT, AUTO_INCREMENT=183;

--
-- Constraints for dumped tables
--

--
-- Constraints for table `masterproductmulti`
--
ALTER TABLE `masterproductmulti`
  ADD CONSTRAINT `Service_ID` FOREIGN KEY (`Service_ID`) REFERENCES `service` (`Service_ID`);

--
-- Constraints for table `masterproducttest`
--
ALTER TABLE `masterproducttest`
  ADD CONSTRAINT `masterproduct` FOREIGN KEY (`Masterproduct_ID`) REFERENCES `masterproduct` (`Masterproduct_ID`);
COMMIT;

